CRAN Package Check Results for Package complmrob

Last updated on 2025-01-19 05:49:06 CET.

Flavor Version Tinstall Tcheck Ttotal Status Flags
r-devel-linux-x86_64-debian-clang 0.7.0 5.44 52.62 58.06 NOTE
r-devel-linux-x86_64-debian-gcc 0.7.0 3.60 37.98 41.58 NOTE
r-devel-linux-x86_64-fedora-clang 0.7.0 93.74 OK
r-devel-linux-x86_64-fedora-gcc 0.7.0 88.89 OK
r-devel-windows-x86_64 0.7.0 7.00 68.00 75.00 NOTE
r-patched-linux-x86_64 0.7.0 5.38 48.24 53.62 OK
r-release-linux-x86_64 0.7.0 4.93 49.42 54.35 OK
r-release-macos-arm64 0.7.0 28.00 OK
r-release-macos-x86_64 0.7.0 44.00 OK
r-release-windows-x86_64 0.7.0 7.00 72.00 79.00 OK
r-oldrel-macos-arm64 0.7.0 29.00 OK
r-oldrel-macos-x86_64 0.7.0 45.00 OK
r-oldrel-windows-x86_64 0.7.0 9.00 77.00 86.00 OK

Check Details

Version: 0.7.0
Check: Rd cross-references
Result: NOTE Found the following Rd file(s) with Rd \link{} targets missing package anchors: confint.Rd: boot.ci Please provide package anchors for all Rd \link{} targets not in the package itself and the base packages. Flavors: r-devel-linux-x86_64-debian-clang, r-devel-linux-x86_64-debian-gcc, r-devel-windows-x86_64