Last updated on 2025-01-19 05:49:06 CET.
Flavor | Version | Tinstall | Tcheck | Ttotal | Status | Flags |
---|---|---|---|---|---|---|
r-devel-linux-x86_64-debian-clang | 2.0-8 | 23.01 | 207.24 | 230.25 | NOTE | |
r-devel-linux-x86_64-debian-gcc | 2.0-8 | 14.96 | 136.81 | 151.77 | NOTE | |
r-devel-linux-x86_64-fedora-clang | 2.0-8 | 377.82 | OK | |||
r-devel-linux-x86_64-fedora-gcc | 2.0-8 | 380.19 | OK | |||
r-devel-windows-x86_64 | 2.0-8 | 28.00 | 275.00 | 303.00 | NOTE | |
r-patched-linux-x86_64 | 2.0-8 | 30.20 | 196.57 | 226.77 | OK | |
r-release-linux-x86_64 | 2.0-8 | 19.37 | 195.57 | 214.94 | OK | |
r-release-macos-arm64 | 2.0-8 | 91.00 | OK | |||
r-release-macos-x86_64 | 2.0-8 | 175.00 | OK | |||
r-release-windows-x86_64 | 2.0-8 | 28.00 | 278.00 | 306.00 | OK | |
r-oldrel-macos-arm64 | 2.0-8 | 111.00 | OK | |||
r-oldrel-macos-x86_64 | 2.0-8 | 271.00 | OK | |||
r-oldrel-windows-x86_64 | 2.0-8 | 30.00 | 320.00 | 350.00 | OK |
Version: 2.0-8
Check: Rd cross-references
Result: NOTE
Found the following Rd file(s) with Rd \link{} targets missing package
anchors:
codadendrogram.Rd: histogram
pairwisePlot.Rd: lmrob
pwlrPlot.Rd: lmrob
Please provide package anchors for all Rd \link{} targets not in the
package itself and the base packages.
Flavors: r-devel-linux-x86_64-debian-clang, r-devel-linux-x86_64-debian-gcc, r-devel-windows-x86_64