CRAN Package Check Results for Package compute.es

Last updated on 2020-01-23 12:48:01 CET.

Flavor Version Tinstall Tcheck Ttotal Status Flags
r-devel-linux-x86_64-debian-clang 0.2-4 5.96 35.94 41.90 NOTE
r-devel-linux-x86_64-debian-gcc 0.2-4 4.34 28.12 32.46 NOTE
r-devel-linux-x86_64-fedora-clang 0.2-4 50.72 NOTE
r-devel-linux-x86_64-fedora-gcc 0.2-4 50.74 NOTE
r-devel-windows-ix86+x86_64 0.2-4 12.00 45.00 57.00 NOTE
r-devel-windows-ix86+x86_64-gcc8 0.2-4 10.00 61.00 71.00 NOTE
r-patched-linux-x86_64 0.2-4 4.23 32.93 37.16 NOTE
r-patched-solaris-x86 0.2-4 60.10 NOTE
r-release-linux-x86_64 0.2-4 4.05 33.53 37.58 NOTE
r-release-windows-ix86+x86_64 0.2-4 8.00 58.00 66.00 NOTE
r-release-osx-x86_64 0.2-4 NOTE
r-oldrel-windows-ix86+x86_64 0.2-4 6.00 38.00 44.00 NOTE
r-oldrel-osx-x86_64 0.2-4 NOTE

Check Details

Version: 0.2-4
Check: R code for possible problems
Result: NOTE
    a.fes: no visible global function definition for 'qt'
    a.fes: no visible global function definition for 'pt'
    a.fes: no visible global function definition for 'pnorm'
    a.fes: no visible global function definition for 'qnorm'
    a.mes: no visible global function definition for 'qt'
    a.mes: no visible global function definition for 'pt'
    a.mes: no visible global function definition for 'pnorm'
    a.mes: no visible global function definition for 'qnorm'
    a.mes2: no visible global function definition for 'qt'
    a.mes2: no visible global function definition for 'pt'
    a.mes2: no visible global function definition for 'pnorm'
    a.mes2: no visible global function definition for 'qnorm'
    a.pes: no visible global function definition for 'qt'
    a.pes: no visible global function definition for 'pt'
    a.pes: no visible global function definition for 'pnorm'
    a.pes: no visible global function definition for 'qnorm'
    a.tes: no visible global function definition for 'qt'
    a.tes: no visible global function definition for 'pt'
    a.tes: no visible global function definition for 'pnorm'
    a.tes: no visible global function definition for 'qnorm'
    chies: no visible global function definition for 'qt'
    chies: no visible global function definition for 'pt'
    chies: no visible global function definition for 'pnorm'
    chies: no visible global function definition for 'qnorm'
    des: no visible global function definition for 'qt'
    des: no visible global function definition for 'pt'
    des: no visible global function definition for 'pnorm'
    des: no visible global function definition for 'qnorm'
    failes: no visible global function definition for 'qt'
    failes: no visible global function definition for 'pt'
    failes: no visible global function definition for 'pnorm'
    failes: no visible global function definition for 'qnorm'
    fes: no visible global function definition for 'qt'
    fes: no visible global function definition for 'pt'
    fes: no visible global function definition for 'pnorm'
    fes: no visible global function definition for 'qnorm'
    lores: no visible global function definition for 'qt'
    lores: no visible global function definition for 'pt'
    lores: no visible global function definition for 'pnorm'
    lores: no visible global function definition for 'qnorm'
    mes: no visible global function definition for 'qt'
    mes: no visible global function definition for 'pt'
    mes: no visible global function definition for 'pnorm'
    mes: no visible global function definition for 'qnorm'
    mes2: no visible global function definition for 'qt'
    mes2: no visible global function definition for 'pt'
    mes2: no visible global function definition for 'pnorm'
    mes2: no visible global function definition for 'qnorm'
    pes: no visible global function definition for 'qt'
    pes: no visible global function definition for 'pt'
    pes: no visible global function definition for 'pnorm'
    pes: no visible global function definition for 'qnorm'
    propes: no visible global function definition for 'qt'
    propes: no visible global function definition for 'pt'
    propes: no visible global function definition for 'pnorm'
    propes: no visible global function definition for 'qnorm'
    res: no visible global function definition for 'qt'
    res: no visible global function definition for 'pt'
    res: no visible global function definition for 'pnorm'
    res: no visible global function definition for 'qnorm'
    tes: no visible global function definition for 'qt'
    tes: no visible global function definition for 'pt'
    tes: no visible global function definition for 'pnorm'
    tes: no visible global function definition for 'qnorm'
    Undefined global functions or variables:
     pnorm pt qnorm qt
    Consider adding
     importFrom("stats", "pnorm", "pt", "qnorm", "qt")
    to your NAMESPACE file.
Flavors: r-devel-linux-x86_64-debian-clang, r-devel-linux-x86_64-debian-gcc, r-devel-linux-x86_64-fedora-clang, r-devel-linux-x86_64-fedora-gcc, r-devel-windows-ix86+x86_64, r-devel-windows-ix86+x86_64-gcc8, r-patched-linux-x86_64, r-patched-solaris-x86, r-release-linux-x86_64, r-release-windows-ix86+x86_64, r-release-osx-x86_64, r-oldrel-windows-ix86+x86_64, r-oldrel-osx-x86_64