CRAN Package Check Results for Package condSURV

Last updated on 2020-09-25 12:49:34 CEST.

Flavor Version Tinstall Tcheck Ttotal Status Flags
r-devel-linux-x86_64-debian-clang 2.0.1 10.95 88.15 99.10 OK
r-devel-linux-x86_64-debian-gcc 2.0.1 9.49 67.38 76.87 OK
r-devel-linux-x86_64-fedora-clang 2.0.1 126.82 NOTE
r-devel-linux-x86_64-fedora-gcc 2.0.1 118.82 NOTE
r-devel-windows-ix86+x86_64 2.0.1 28.00 156.00 184.00 OK
r-patched-linux-x86_64 2.0.1 10.46 83.39 93.85 OK
r-patched-solaris-x86 2.0.1 169.20 OK
r-release-linux-x86_64 2.0.1 11.48 83.02 94.50 OK
r-release-macos-x86_64 2.0.1 OK
r-release-windows-ix86+x86_64 2.0.1 29.00 147.00 176.00 OK
r-oldrel-macos-x86_64 2.0.1 OK
r-oldrel-windows-ix86+x86_64 2.0.1 24.00 135.00 159.00 OK

Additional issues

clang-UBSAN gcc-UBSAN

Check Details

Version: 2.0.1
Check: compiled code
Result: NOTE
    File ‘condSURV/libs/condSURV.so’:
     Found no calls to: ‘R_registerRoutines’, ‘R_useDynamicSymbols’
    
    It is good practice to register native routines and to disable symbol
    search.
    
    See ‘Writing portable packages’ in the ‘Writing R Extensions’ manual.
Flavors: r-devel-linux-x86_64-fedora-clang, r-devel-linux-x86_64-fedora-gcc