Last updated on 2024-04-17 13:57:24 CEST.
Flavor | Version | Tinstall | Tcheck | Ttotal | Status | Flags |
---|---|---|---|---|---|---|
r-devel-linux-x86_64-debian-clang | 0.1.2 | 10.26 | 144.32 | 154.58 | OK | |
r-devel-linux-x86_64-debian-gcc | 0.1.2 | 8.66 | 102.17 | 110.83 | OK | |
r-devel-linux-x86_64-fedora-clang | 0.1.2 | 208.14 | OK | |||
r-devel-linux-x86_64-fedora-gcc | 0.1.2 | 198.62 | OK | |||
r-prerel-macos-arm64 | 0.1.2 | 58.00 | OK | |||
r-prerel-windows-x86_64 | 0.1.2 | 13.00 | 115.00 | 128.00 | OK | |
r-patched-linux-x86_64 | 0.1.2 | 10.21 | 133.70 | 143.91 | OK | |
r-release-linux-x86_64 | 0.1.2 | 10.35 | 131.55 | 141.90 | OK | |
r-release-macos-arm64 | 0.1.2 | 66.00 | OK | |||
r-release-macos-x86_64 | 0.1.2 | 93.00 | NOTE | |||
r-release-windows-x86_64 | 0.1.2 | 15.00 | 136.00 | 151.00 | OK | |
r-oldrel-macos-arm64 | 0.1.2 | 55.00 | OK | |||
r-oldrel-windows-x86_64 | 0.1.2 | 16.00 | 140.00 | 156.00 | OK |
Version: 0.1.2
Check: package dependencies
Result: NOTE
Packages suggested but not available for checking:
'scagnostics', 'parsnip', 'C50', 'bartMachine', 'caret'
Flavor: r-release-macos-x86_64