Last updated on 2025-01-19 05:49:06 CET.
Flavor | Version | Tinstall | Tcheck | Ttotal | Status | Flags |
---|---|---|---|---|---|---|
r-devel-linux-x86_64-debian-clang | 0.1.2 | 9.30 | 110.92 | 120.22 | OK | |
r-devel-linux-x86_64-debian-gcc | 0.1.2 | 6.49 | 78.11 | 84.60 | OK | |
r-devel-linux-x86_64-fedora-clang | 0.1.2 | 211.16 | OK | |||
r-devel-linux-x86_64-fedora-gcc | 0.1.2 | 202.52 | OK | |||
r-devel-windows-x86_64 | 0.1.2 | 13.00 | 122.00 | 135.00 | OK | |
r-patched-linux-x86_64 | 0.1.2 | 9.78 | 102.40 | 112.18 | OK | |
r-release-linux-x86_64 | 0.1.2 | 9.11 | 101.52 | 110.63 | OK | |
r-release-macos-arm64 | 0.1.2 | 58.00 | OK | |||
r-release-macos-x86_64 | 0.1.2 | 96.00 | OK | |||
r-release-windows-x86_64 | 0.1.2 | 11.00 | 119.00 | 130.00 | OK | |
r-oldrel-macos-arm64 | 0.1.2 | 66.00 | OK | |||
r-oldrel-macos-x86_64 | 0.1.2 | 93.00 | NOTE | |||
r-oldrel-windows-x86_64 | 0.1.2 | 15.00 | 133.00 | 148.00 | OK |
Version: 0.1.2
Check: package dependencies
Result: NOTE
Packages suggested but not available for checking:
'scagnostics', 'parsnip', 'C50', 'bartMachine', 'caret'
Flavor: r-oldrel-macos-x86_64