Last updated on 2024-03-28 14:48:25 CET.
Flavor | Version | Tinstall | Tcheck | Ttotal | Status | Flags |
---|---|---|---|---|---|---|
r-devel-linux-x86_64-debian-clang | 1.8.3 | 20.39 | 189.11 | 209.50 | NOTE | |
r-devel-linux-x86_64-debian-gcc | 1.8.3 | 14.13 | 133.81 | 147.94 | NOTE | |
r-devel-linux-x86_64-fedora-clang | 1.8.3 | 246.39 | NOTE | |||
r-devel-linux-x86_64-fedora-gcc | 1.8.3 | 260.28 | NOTE | |||
r-devel-windows-x86_64 | 1.8.3 | 14.00 | 158.00 | 172.00 | NOTE | |
r-patched-linux-x86_64 | 1.8.3 | 14.86 | 177.37 | 192.23 | NOTE | |
r-release-linux-x86_64 | 1.8.3 | 15.11 | 179.30 | 194.41 | OK | |
r-release-macos-arm64 | 1.8.3 | 82.00 | OK | |||
r-release-macos-x86_64 | 1.8.3 | 206.00 | OK | |||
r-release-windows-x86_64 | 1.8.3 | 19.00 | 186.00 | 205.00 | OK | |
r-oldrel-macos-arm64 | 1.8.3 | 164.00 | OK | |||
r-oldrel-windows-x86_64 | 1.8.3 | 20.00 | 187.00 | 207.00 | OK |
Version: 1.8.3
Check: Rd files
Result: NOTE
checkRd: (-1) coversim.Rd:103: Lost braces; missing escapes or markup?
103 | \item{xlas}{numeric in {0, 1, 2, 3} specifying the style of axis labels (see \code{las} in \code{\link{par}},
| ^
checkRd: (-1) coversim.Rd:106: Lost braces; missing escapes or markup?
106 | \item{ylas}{numeric in {0, 1, 2, 3} specifying the style of axis labels (see \code{las} in \code{\link{par}},
| ^
checkRd: (-1) crplot.Rd:77: Lost braces; missing escapes or markup?
77 | \item{xlas}{numeric in {0, 1, 2, 3} specifying the style of axis labels (see \code{las} in \code{\link{par}}).}
| ^
checkRd: (-1) crplot.Rd:79: Lost braces; missing escapes or markup?
79 | \item{ylas}{numeric in {0, 1, 2, 3} specifying the style of axis labels (see \code{las} in \code{\link{par}}).}
| ^
Flavors: r-devel-linux-x86_64-debian-clang, r-devel-linux-x86_64-debian-gcc, r-devel-linux-x86_64-fedora-clang, r-devel-linux-x86_64-fedora-gcc, r-devel-windows-x86_64, r-patched-linux-x86_64