Last updated on 2024-05-01 16:52:50 CEST.
Flavor | Version | Tinstall | Tcheck | Ttotal | Status | Flags |
---|---|---|---|---|---|---|
r-devel-linux-x86_64-debian-clang | 0.1.2 | 2.26 | 78.05 | 80.31 | OK | |
r-devel-linux-x86_64-debian-gcc | 0.1.2 | 2.02 | 56.77 | 58.79 | OK | |
r-devel-linux-x86_64-fedora-clang | 0.1.2 | 99.27 | OK | |||
r-devel-linux-x86_64-fedora-gcc | 0.1.2 | 105.18 | OK | |||
r-devel-windows-x86_64 | 0.1.2 | 4.00 | 79.00 | 83.00 | OK | |
r-patched-linux-x86_64 | 0.1.2 | 6.84 | 74.24 | 81.08 | OK | |
r-release-linux-x86_64 | 0.1.2 | 2.66 | 35.82 | 38.48 | ERROR | |
r-release-macos-arm64 | 0.1.2 | 33.00 | OK | |||
r-release-windows-x86_64 | 0.1.2 | 4.00 | 79.00 | 83.00 | OK | |
r-oldrel-macos-arm64 | 0.1.2 | 32.00 | OK | |||
r-oldrel-macos-x86_64 | 0.1.2 | 53.00 | OK | |||
r-oldrel-windows-x86_64 | 0.1.2 | 4.00 | 86.00 | 90.00 | OK |
Version: 0.1.2
Check: package dependencies
Result: NOTE
Package suggested but not available for checking: ‘rstanarm’
Flavor: r-release-linux-x86_64
Version: 0.1.2
Check: re-building of vignette outputs
Result: ERROR
Error(s) in re-building vignettes:
...
--- re-building ‘conformalbayes.Rmd’ using rmarkdown
Quitting from lines at lines 27-42 [data] (conformalbayes.Rmd)
Error: processing vignette 'conformalbayes.Rmd' failed with diagnostics:
there is no package called 'rstanarm'
--- failed re-building ‘conformalbayes.Rmd’
SUMMARY: processing the following file failed:
‘conformalbayes.Rmd’
Error: Vignette re-building failed.
Execution halted
Flavor: r-release-linux-x86_64