CRAN Package Check Results for Package conformalbayes

Last updated on 2025-01-19 05:49:06 CET.

Flavor Version Tinstall Tcheck Ttotal Status Flags
r-devel-linux-x86_64-debian-clang 0.1.2 2.17 55.77 57.94 NOTE
r-devel-linux-x86_64-debian-gcc 0.1.2 1.59 42.56 44.15 NOTE
r-devel-linux-x86_64-fedora-clang 0.1.2 96.09 OK
r-devel-linux-x86_64-fedora-gcc 0.1.2 97.14 OK
r-devel-windows-x86_64 0.1.2 5.00 77.00 82.00 NOTE
r-patched-linux-x86_64 0.1.2 6.87 53.85 60.72 OK
r-release-linux-x86_64 0.1.2 2.09 54.42 56.51 OK
r-release-macos-arm64 0.1.2 33.00 OK
r-release-macos-x86_64 0.1.2 51.00 OK
r-release-windows-x86_64 0.1.2 5.00 77.00 82.00 OK
r-oldrel-macos-arm64 0.1.2 32.00 OK
r-oldrel-macos-x86_64 0.1.2 53.00 OK
r-oldrel-windows-x86_64 0.1.2 4.00 84.00 88.00 OK

Check Details

Version: 0.1.2
Check: Rd cross-references
Result: NOTE Found the following Rd file(s) with Rd \link{} targets missing package anchors: loo_conformal.Rd: predictive_interval predictive_interval.conformal.Rd: posterior_predict Please provide package anchors for all Rd \link{} targets not in the package itself and the base packages. Flavors: r-devel-linux-x86_64-debian-clang, r-devel-linux-x86_64-debian-gcc, r-devel-windows-x86_64