CRAN Package Check Results for Package conmet

Last updated on 2025-01-19 05:49:06 CET.

Flavor Version Tinstall Tcheck Ttotal Status Flags
r-devel-linux-x86_64-debian-clang 0.1.0 3.33 29.54 32.87 OK
r-devel-linux-x86_64-debian-gcc 0.1.0 2.26 23.47 25.73 OK
r-devel-linux-x86_64-fedora-clang 0.1.0 54.37 NOTE
r-devel-linux-x86_64-fedora-gcc 0.1.0 52.15 NOTE
r-devel-windows-x86_64 0.1.0 7.00 62.00 69.00 OK
r-patched-linux-x86_64 0.1.0 2.71 28.32 31.03 OK
r-release-linux-x86_64 0.1.0 2.51 28.21 30.72 OK
r-release-macos-arm64 0.1.0 22.00 OK
r-release-macos-x86_64 0.1.0 30.00 OK
r-release-windows-x86_64 0.1.0 7.00 55.00 62.00 OK
r-oldrel-macos-arm64 0.1.0 22.00 OK
r-oldrel-macos-x86_64 0.1.0 28.00 OK
r-oldrel-windows-x86_64 0.1.0 7.00 56.00 63.00 OK

Check Details

Version: 0.1.0
Check: dependencies in R code
Result: NOTE Namespaces in Imports field not imported from: ‘DT’ ‘Hmisc’ ‘dplyr’ ‘foreign’ ‘lavaan’ ‘openxlsx’ ‘purrr’ ‘semTools’ ‘shinyWidgets’ ‘stringr’ ‘summarytools’ ‘waiter’ All declared Imports should be used. Flavors: r-devel-linux-x86_64-fedora-clang, r-devel-linux-x86_64-fedora-gcc