CRAN Package Check Results for Package conogive

Last updated on 2025-02-08 20:48:20 CET.

Flavor Version Tinstall Tcheck Ttotal Status Flags
r-devel-linux-x86_64-debian-clang 1.0.0 2.02 24.75 26.77 OK
r-devel-linux-x86_64-debian-gcc 1.0.0 1.52 19.07 20.59 OK
r-devel-linux-x86_64-fedora-clang 1.0.0 45.16 OK
r-devel-linux-x86_64-fedora-gcc 1.0.0 41.77 OK
r-devel-windows-x86_64 1.0.0 3.00 47.00 50.00 OK
r-patched-linux-x86_64 1.0.0 2.06 23.52 25.58 NOTE
r-release-linux-x86_64 1.0.0 1.96 23.28 25.24 NOTE
r-release-macos-arm64 1.0.0 17.00 NOTE
r-release-macos-x86_64 1.0.0 32.00 NOTE
r-release-windows-x86_64 1.0.0 3.00 49.00 52.00 NOTE
r-oldrel-macos-arm64 1.0.0 19.00 NOTE
r-oldrel-macos-x86_64 1.0.0 23.00 NOTE
r-oldrel-windows-x86_64 1.0.0 4.00 48.00 52.00 NOTE

Check Details

Version: 1.0.0
Check: LazyData
Result: NOTE 'LazyData' is specified without a 'data' directory Flavors: r-patched-linux-x86_64, r-release-linux-x86_64, r-release-macos-arm64, r-release-macos-x86_64, r-release-windows-x86_64, r-oldrel-macos-arm64, r-oldrel-macos-x86_64, r-oldrel-windows-x86_64