Last updated on 2025-01-19 05:49:06 CET.
Flavor | Version | Tinstall | Tcheck | Ttotal | Status | Flags |
---|---|---|---|---|---|---|
r-devel-linux-x86_64-debian-clang | 1.3.3 | 153.79 | 65.31 | 219.10 | OK | |
r-devel-linux-x86_64-debian-gcc | 1.3.3 | 106.66 | 48.77 | 155.43 | OK | |
r-devel-linux-x86_64-fedora-clang | 1.3.3 | 379.85 | OK | |||
r-devel-linux-x86_64-fedora-gcc | 1.3.3 | 423.91 | OK | |||
r-devel-windows-x86_64 | 1.3.3 | 138.00 | 103.00 | 241.00 | OK | |
r-patched-linux-x86_64 | 1.3.3 | 149.10 | 64.66 | 213.76 | OK | |
r-release-linux-x86_64 | 1.3.3 | 148.87 | 64.23 | 213.10 | OK | |
r-release-macos-arm64 | 1.3.3 | 92.00 | NOTE | |||
r-release-macos-x86_64 | 1.3.3 | 117.00 | NOTE | |||
r-release-windows-x86_64 | 1.3.3 | 139.00 | 103.00 | 242.00 | OK | |
r-oldrel-macos-arm64 | 1.3.3 | 113.00 | NOTE | |||
r-oldrel-macos-x86_64 | 1.3.3 | 203.00 | NOTE | |||
r-oldrel-windows-x86_64 | 1.3.3 | 158.00 | 124.00 | 282.00 | OK |
Version: 1.3.3
Check: installed package size
Result: NOTE
installed size is 19.7Mb
sub-directories of 1Mb or more:
libs 19.4Mb
Flavors: r-release-macos-arm64, r-release-macos-x86_64, r-oldrel-macos-arm64, r-oldrel-macos-x86_64