Last updated on 2025-01-19 05:49:06 CET.
Flavor | Version | Tinstall | Tcheck | Ttotal | Status | Flags |
---|---|---|---|---|---|---|
r-devel-linux-x86_64-debian-clang | 1.0.4 | 5.63 | 47.74 | 53.37 | OK | |
r-devel-linux-x86_64-debian-gcc | 1.0.4 | 4.27 | 35.31 | 39.58 | OK | |
r-devel-linux-x86_64-fedora-clang | 1.0.4 | 87.88 | NOTE | |||
r-devel-linux-x86_64-fedora-gcc | 1.0.4 | 82.00 | NOTE | |||
r-devel-windows-x86_64 | 1.0.4 | 8.00 | 66.00 | 74.00 | OK | |
r-patched-linux-x86_64 | 1.0.4 | 5.62 | 44.66 | 50.28 | OK | |
r-release-linux-x86_64 | 1.0.4 | 5.83 | 45.13 | 50.96 | OK | |
r-release-macos-arm64 | 1.0.4 | 29.00 | OK | |||
r-release-macos-x86_64 | 1.0.4 | 40.00 | OK | |||
r-release-windows-x86_64 | 1.0.4 | 8.00 | 69.00 | 77.00 | OK | |
r-oldrel-macos-arm64 | 1.0.4 | 33.00 | OK | |||
r-oldrel-macos-x86_64 | 1.0.4 | 43.00 | OK | |||
r-oldrel-windows-x86_64 | 1.0.4 | 9.00 | 75.00 | 84.00 | OK |
Version: 1.0.4
Check: dependencies in R code
Result: NOTE
Namespaces in Imports field not imported from:
‘scales’ ‘sna’
All declared Imports should be used.
Flavors: r-devel-linux-x86_64-fedora-clang, r-devel-linux-x86_64-fedora-gcc