CRAN Package Check Results for Package control

Last updated on 2025-01-19 05:49:06 CET.

Flavor Version Tinstall Tcheck Ttotal Status Flags
r-devel-linux-x86_64-debian-clang 0.2.5 4.93 42.02 46.95 OK
r-devel-linux-x86_64-debian-gcc 0.2.5 3.14 30.68 33.82 OK
r-devel-linux-x86_64-fedora-clang 0.2.5 77.85 OK
r-devel-linux-x86_64-fedora-gcc 0.2.5 74.90 OK
r-devel-windows-x86_64 0.2.5 6.00 73.00 79.00 OK
r-patched-linux-x86_64 0.2.5 5.59 39.40 44.99 NOTE
r-release-linux-x86_64 0.2.5 3.98 39.54 43.52 NOTE
r-release-macos-arm64 0.2.5 24.00 NOTE
r-release-macos-x86_64 0.2.5 41.00 NOTE
r-release-windows-x86_64 0.2.5 6.00 73.00 79.00 NOTE
r-oldrel-macos-arm64 0.2.5 27.00 NOTE
r-oldrel-macos-x86_64 0.2.5 38.00 NOTE
r-oldrel-windows-x86_64 0.2.5 7.00 84.00 91.00 NOTE

Check Details

Version: 0.2.5
Check: LazyData
Result: NOTE 'LazyData' is specified without a 'data' directory Flavors: r-patched-linux-x86_64, r-release-linux-x86_64, r-release-macos-arm64, r-release-macos-x86_64, r-release-windows-x86_64, r-oldrel-macos-arm64, r-oldrel-macos-x86_64, r-oldrel-windows-x86_64