Last updated on 2024-04-17 13:57:24 CEST.
Flavor | Version | Tinstall | Tcheck | Ttotal | Status | Flags |
---|---|---|---|---|---|---|
r-devel-linux-x86_64-debian-clang | 1.1.0 | 7.80 | 66.49 | 74.29 | NOTE | |
r-devel-linux-x86_64-debian-gcc | 1.1.0 | 5.64 | 49.36 | 55.00 | NOTE | |
r-devel-linux-x86_64-fedora-clang | 1.1.0 | 91.10 | NOTE | |||
r-devel-linux-x86_64-fedora-gcc | 1.1.0 | 102.31 | NOTE | |||
r-prerel-macos-arm64 | 1.1.0 | 28.00 | NOTE | |||
r-prerel-windows-x86_64 | 1.1.0 | 7.00 | 63.00 | 70.00 | NOTE | |
r-patched-linux-x86_64 | 1.1.0 | 7.62 | 63.26 | 70.88 | NOTE | |
r-release-linux-x86_64 | 1.1.0 | 7.24 | 63.94 | 71.18 | NOTE | |
r-release-macos-arm64 | 1.1.0 | 31.00 | NOTE | |||
r-release-macos-x86_64 | 1.1.0 | 51.00 | NOTE | |||
r-release-windows-x86_64 | 1.1.0 | 9.00 | 73.00 | 82.00 | NOTE | |
r-oldrel-macos-arm64 | 1.1.0 | 32.00 | NOTE | |||
r-oldrel-windows-x86_64 | 1.1.0 | 8.00 | 79.00 | 87.00 | NOTE |
Version: 1.1.0
Check: LazyData
Result: NOTE
'LazyData' is specified without a 'data' directory
Flavors: r-devel-linux-x86_64-debian-clang, r-devel-linux-x86_64-debian-gcc, r-devel-linux-x86_64-fedora-clang, r-devel-linux-x86_64-fedora-gcc, r-prerel-macos-arm64, r-prerel-windows-x86_64, r-patched-linux-x86_64, r-release-linux-x86_64, r-release-macos-arm64, r-release-macos-x86_64, r-release-windows-x86_64, r-oldrel-macos-arm64, r-oldrel-windows-x86_64