Last updated on 2025-01-19 05:49:06 CET.
Flavor | Version | Tinstall | Tcheck | Ttotal | Status | Flags |
---|---|---|---|---|---|---|
r-devel-linux-x86_64-debian-clang | 0.2.1 | 7.37 | 435.97 | 443.34 | NOTE | |
r-devel-linux-x86_64-debian-gcc | 0.2.1 | 4.94 | 288.06 | 293.00 | NOTE | |
r-devel-linux-x86_64-fedora-clang | 0.2.1 | 728.49 | OK | |||
r-devel-linux-x86_64-fedora-gcc | 0.2.1 | 693.07 | OK | |||
r-devel-windows-x86_64 | 0.2.1 | 8.00 | 419.00 | 427.00 | NOTE | |
r-patched-linux-x86_64 | 0.2.1 | 13.18 | 370.44 | 383.62 | OK | |
r-release-linux-x86_64 | 0.2.1 | 6.13 | 370.21 | 376.34 | OK | |
r-release-macos-arm64 | 0.2.1 | 221.00 | OK | |||
r-release-macos-x86_64 | 0.2.1 | 272.00 | OK | |||
r-release-windows-x86_64 | 0.2.1 | 8.00 | 404.00 | 412.00 | OK | |
r-oldrel-macos-arm64 | 0.2.1 | 174.00 | OK | |||
r-oldrel-macos-x86_64 | 0.2.1 | 366.00 | OK | |||
r-oldrel-windows-x86_64 | 0.2.1 | 9.00 | 529.00 | 538.00 | OK |
Version: 0.2.1
Check: Rd cross-references
Result: NOTE
Found the following Rd file(s) with Rd \link{} targets missing package
anchors:
curve_cont.Rd: riskRegression
plot_surv_3Dsurface.Rd: riskRegression
plot_surv_animated.Rd: riskRegression, facet_wrap
plot_surv_area.Rd: riskRegression, facet_wrap
plot_surv_at_t.Rd: riskRegression, facet_wrap
plot_surv_contour.Rd: riskRegression, ggplot2, facet_wrap
plot_surv_heatmap.Rd: riskRegression, facet_wrap
plot_surv_lines.Rd: riskRegression, facet_wrap
plot_surv_matrix.Rd: riskRegression, facet_wrap
plot_surv_quantiles.Rd: riskRegression, facet_wrap
plot_surv_rmst.Rd: riskRegression, facet_wrap
plot_surv_rmtl.Rd: riskRegression, facet_wrap
Please provide package anchors for all Rd \link{} targets not in the
package itself and the base packages.
Flavors: r-devel-linux-x86_64-debian-clang, r-devel-linux-x86_64-debian-gcc, r-devel-windows-x86_64