Last updated on 2025-01-19 05:49:06 CET.
Flavor | Version | Tinstall | Tcheck | Ttotal | Status | Flags |
---|---|---|---|---|---|---|
r-devel-linux-x86_64-debian-clang | 2.0-4 | 24.90 | 47.88 | 72.78 | NOTE | |
r-devel-linux-x86_64-debian-gcc | 2.0-4 | 17.01 | 34.33 | 51.34 | NOTE | |
r-devel-linux-x86_64-fedora-clang | 2.0-4 | 129.78 | NOTE | |||
r-devel-linux-x86_64-fedora-gcc | 2.0-4 | 126.48 | NOTE | |||
r-devel-windows-x86_64 | 2.0-4 | 28.00 | 83.00 | 111.00 | NOTE | |
r-patched-linux-x86_64 | 2.0-4 | 25.47 | 45.12 | 70.59 | NOTE | |
r-release-linux-x86_64 | 2.0-4 | 23.17 | 45.23 | 68.40 | NOTE | |
r-release-macos-arm64 | 2.0-4 | 36.00 | NOTE | |||
r-release-macos-x86_64 | 2.0-4 | 56.00 | NOTE | |||
r-release-windows-x86_64 | 2.0-4 | 30.00 | 81.00 | 111.00 | NOTE | |
r-oldrel-macos-arm64 | 2.0-4 | 39.00 | OK | |||
r-oldrel-macos-x86_64 | 2.0-4 | 57.00 | OK | |||
r-oldrel-windows-x86_64 | 2.0-4 | 32.00 | 97.00 | 129.00 | OK |
Version: 2.0-4
Check: Rd files
Result: NOTE
checkRd: (-1) copCAR.Rd:40: Lost braces
40 | item{\code{maxit}}{the maximum number of iterations to be used by \code{\link{optim}} when optimizing the objective function. Defaults to \code{1000}.}
| ^
checkRd: (-1) copCAR.Rd:40: Lost braces
40 | item{\code{maxit}}{the maximum number of iterations to be used by \code{\link{optim}} when optimizing the objective function. Defaults to \code{1000}.}
| ^
Flavors: r-devel-linux-x86_64-debian-clang, r-devel-linux-x86_64-debian-gcc, r-devel-linux-x86_64-fedora-clang, r-devel-linux-x86_64-fedora-gcc, r-devel-windows-x86_64, r-patched-linux-x86_64, r-release-linux-x86_64, r-release-macos-arm64, r-release-macos-x86_64, r-release-windows-x86_64