Last updated on 2025-01-19 05:49:06 CET.
Flavor | Version | Tinstall | Tcheck | Ttotal | Status | Flags |
---|---|---|---|---|---|---|
r-devel-linux-x86_64-debian-clang | 0.2.1 | 63.57 | 36.22 | 99.79 | OK | |
r-devel-linux-x86_64-debian-gcc | 0.2.1 | 38.88 | 27.21 | 66.09 | OK | |
r-devel-linux-x86_64-fedora-clang | 0.2.1 | 188.48 | OK | |||
r-devel-linux-x86_64-fedora-gcc | 0.2.1 | 180.48 | OK | |||
r-devel-windows-x86_64 | 0.2.1 | 65.00 | 80.00 | 145.00 | OK | |
r-patched-linux-x86_64 | 0.2.1 | 54.02 | 34.07 | 88.09 | OK | |
r-release-linux-x86_64 | 0.2.1 | 57.72 | 34.08 | 91.80 | OK | |
r-release-macos-arm64 | 0.2.1 | 44.00 | NOTE | |||
r-release-macos-x86_64 | 0.2.1 | 51.00 | NOTE | |||
r-release-windows-x86_64 | 0.2.1 | 65.00 | 78.00 | 143.00 | OK | |
r-oldrel-macos-arm64 | 0.2.1 | 51.00 | NOTE | |||
r-oldrel-macos-x86_64 | 0.2.1 | 64.00 | NOTE | |||
r-oldrel-windows-x86_64 | 0.2.1 | 66.00 | 93.00 | 159.00 | OK |
Version: 0.2.1
Check: installed package size
Result: NOTE
installed size is 5.7Mb
sub-directories of 1Mb or more:
help 2.6Mb
libs 3.1Mb
Flavors: r-release-macos-arm64, r-release-macos-x86_64, r-oldrel-macos-arm64, r-oldrel-macos-x86_64