CRAN Package Check Results for Package copula

Last updated on 2025-01-19 05:49:06 CET.

Flavor Version Tinstall Tcheck Ttotal Status Flags
r-devel-linux-x86_64-debian-clang 1.1-4 49.72 699.05 748.77 OK
r-devel-linux-x86_64-debian-gcc 1.1-4 31.18 481.86 513.04 OK
r-devel-linux-x86_64-fedora-clang 1.1-4 1245.67 OK
r-devel-linux-x86_64-fedora-gcc 1.1-4 1178.20 OK
r-devel-windows-x86_64 1.1-4 53.00 371.00 424.00 OK --no-vignettes
r-patched-linux-x86_64 1.1-4 49.32 664.15 713.47 OK
r-release-linux-x86_64 1.1-4 43.75 667.20 710.95 OK
r-release-macos-arm64 1.1-4 339.00 NOTE
r-release-macos-x86_64 1.1-4 1005.00 NOTE
r-release-windows-x86_64 1.1-4 53.00 378.00 431.00 NOTE --no-vignettes
r-oldrel-macos-arm64 1.1-4 511.00 NOTE
r-oldrel-macos-x86_64 1.1-4 894.00 NOTE
r-oldrel-windows-x86_64 1.1-4 65.00 392.00 457.00 NOTE --no-vignettes

Check Details

Version: 1.1-4
Check: installed package size
Result: NOTE installed size is 7.8Mb sub-directories of 1Mb or more: R 2.4Mb doc 3.2Mb Flavors: r-release-macos-arm64, r-release-macos-x86_64, r-oldrel-macos-arm64, r-oldrel-macos-x86_64

Version: 1.1-4
Flags: --no-vignettes
Check: installed package size
Result: NOTE installed size is 7.3Mb sub-directories of 1Mb or more: R 2.1Mb doc 3.2Mb Flavors: r-release-windows-x86_64, r-oldrel-windows-x86_64