Last updated on 2025-01-19 05:49:06 CET.
Flavor | Version | Tinstall | Tcheck | Ttotal | Status | Flags |
---|---|---|---|---|---|---|
r-devel-linux-x86_64-debian-clang | 1.0.7 | 10.29 | 88.22 | 98.51 | OK | |
r-devel-linux-x86_64-debian-gcc | 1.0.7 | 6.02 | 62.55 | 68.57 | OK | |
r-devel-linux-x86_64-fedora-clang | 1.0.7 | 159.49 | NOTE | |||
r-devel-linux-x86_64-fedora-gcc | 1.0.7 | 151.36 | NOTE | |||
r-devel-windows-x86_64 | 1.0.7 | 13.00 | 96.00 | 109.00 | OK | |
r-patched-linux-x86_64 | 1.0.7 | 10.21 | 80.90 | 91.11 | OK | |
r-release-linux-x86_64 | 1.0.7 | 10.19 | 81.45 | 91.64 | OK | |
r-release-macos-arm64 | 1.0.7 | 45.00 | OK | |||
r-release-macos-x86_64 | 1.0.7 | 72.00 | OK | |||
r-release-windows-x86_64 | 1.0.7 | 10.00 | 99.00 | 109.00 | OK | |
r-oldrel-macos-arm64 | 1.0.7 | 52.00 | OK | |||
r-oldrel-macos-x86_64 | 1.0.7 | 65.00 | OK | |||
r-oldrel-windows-x86_64 | 1.0.7 | 12.00 | 119.00 | 131.00 | OK |
Version: 1.0.7
Check: dependencies in R code
Result: NOTE
Namespace in Imports field not imported from: ‘graphics’
All declared Imports should be used.
Flavors: r-devel-linux-x86_64-fedora-clang, r-devel-linux-x86_64-fedora-gcc