Last updated on 2025-01-19 05:49:06 CET.
Flavor | Version | Tinstall | Tcheck | Ttotal | Status | Flags |
---|---|---|---|---|---|---|
r-devel-linux-x86_64-debian-clang | 0.5.1 | 60.53 | 144.62 | 205.15 | NOTE | |
r-devel-linux-x86_64-debian-gcc | 0.5.1 | 43.43 | 99.69 | 143.12 | NOTE | |
r-devel-linux-x86_64-fedora-clang | 0.5.1 | 350.71 | OK | |||
r-devel-linux-x86_64-fedora-gcc | 0.5.1 | 346.12 | OK | |||
r-devel-windows-x86_64 | 0.5.1 | 63.00 | 174.00 | 237.00 | NOTE | |
r-patched-linux-x86_64 | 0.5.1 | 66.44 | 125.23 | 191.67 | OK | |
r-release-linux-x86_64 | 0.5.1 | 61.38 | 124.32 | 185.70 | OK | |
r-release-macos-arm64 | 0.5.1 | 87.00 | OK | |||
r-release-macos-x86_64 | 0.5.1 | 118.00 | OK | |||
r-release-windows-x86_64 | 0.5.1 | 66.00 | 172.00 | 238.00 | OK | |
r-oldrel-macos-arm64 | 0.5.1 | 83.00 | OK | |||
r-oldrel-macos-x86_64 | 0.5.1 | 211.00 | OK | |||
r-oldrel-windows-x86_64 | 0.5.1 | 73.00 | 210.00 | 283.00 | OK |
Version: 0.5.1
Check: Rd cross-references
Result: NOTE
Found the following Rd file(s) with Rd \link{} targets missing package
anchors:
tCorpus-cash-annotate_rsyntax.Rd: tquery
tCorpus-cash-subset.Rd: subset.data.table
Please provide package anchors for all Rd \link{} targets not in the
package itself and the base packages.
Flavors: r-devel-linux-x86_64-debian-clang, r-devel-linux-x86_64-debian-gcc, r-devel-windows-x86_64