Last updated on 2024-04-21 12:53:52 CEST.
Flavor | Version | Tinstall | Tcheck | Ttotal | Status | Flags |
---|---|---|---|---|---|---|
r-devel-linux-x86_64-debian-clang | 0.2.0 | 15.97 | 211.94 | 227.91 | OK | |
r-devel-linux-x86_64-debian-gcc | 0.2.0 | 13.94 | 165.34 | 179.28 | OK | |
r-devel-linux-x86_64-fedora-clang | 0.2.0 | 296.35 | NOTE | |||
r-devel-linux-x86_64-fedora-gcc | 0.2.0 | 308.25 | NOTE | |||
r-prerel-macos-arm64 | 0.2.0 | 88.00 | OK | |||
r-prerel-windows-x86_64 | 0.2.0 | 16.00 | 180.00 | 196.00 | OK | |
r-patched-linux-x86_64 | 0.2.0 | 14.99 | 208.63 | 223.62 | OK | |
r-release-linux-x86_64 | 0.2.0 | 15.70 | 207.05 | 222.75 | OK | |
r-release-macos-arm64 | 0.2.0 | 84.00 | OK | |||
r-release-macos-x86_64 | 0.2.0 | 143.00 | OK | |||
r-release-windows-x86_64 | 0.2.0 | 21.00 | 224.00 | 245.00 | OK | |
r-oldrel-macos-arm64 | 0.2.0 | 74.00 | NOTE | |||
r-oldrel-windows-x86_64 | 0.2.0 | 23.00 | 220.00 | 243.00 | OK |
Version: 0.2.0
Check: dependencies in R code
Result: NOTE
Namespace in Imports field not imported from: ‘utils’
All declared Imports should be used.
Flavors: r-devel-linux-x86_64-fedora-clang, r-devel-linux-x86_64-fedora-gcc, r-oldrel-macos-arm64