CRAN Package Check Results for Package correlbinom

Last updated on 2025-01-19 05:49:06 CET.

Flavor Version Tinstall Tcheck Ttotal Status Flags
r-devel-linux-x86_64-debian-clang 0.0.1 3.89 33.80 37.69 OK
r-devel-linux-x86_64-debian-gcc 0.0.1 2.68 25.62 28.30 OK
r-devel-linux-x86_64-fedora-clang 0.0.1 61.09 OK
r-devel-linux-x86_64-fedora-gcc 0.0.1 58.69 OK
r-devel-windows-x86_64 0.0.1 4.00 55.00 59.00 OK
r-patched-linux-x86_64 0.0.1 3.59 31.77 35.36 NOTE
r-release-linux-x86_64 0.0.1 3.62 31.75 35.37 NOTE
r-release-macos-arm64 0.0.1 21.00 NOTE
r-release-macos-x86_64 0.0.1 32.00 NOTE
r-release-windows-x86_64 0.0.1 4.00 56.00 60.00 NOTE
r-oldrel-macos-arm64 0.0.1 22.00 NOTE
r-oldrel-macos-x86_64 0.0.1 33.00 NOTE
r-oldrel-windows-x86_64 0.0.1 6.00 56.00 62.00 NOTE

Check Details

Version: 0.0.1
Check: LazyData
Result: NOTE 'LazyData' is specified without a 'data' directory Flavors: r-patched-linux-x86_64, r-release-linux-x86_64, r-release-macos-arm64, r-release-macos-x86_64, r-release-windows-x86_64, r-oldrel-macos-arm64, r-oldrel-macos-x86_64, r-oldrel-windows-x86_64