CRAN Package Check Results for Package corto

Last updated on 2025-01-19 05:49:06 CET.

Flavor Version Tinstall Tcheck Ttotal Status Flags
r-devel-linux-x86_64-debian-clang 1.2.4 5.83 52.59 58.42 OK
r-devel-linux-x86_64-debian-gcc 1.2.4 4.35 36.04 40.39 OK
r-devel-linux-x86_64-fedora-clang 1.2.4 94.63 NOTE
r-devel-linux-x86_64-fedora-gcc 1.2.4 102.76 NOTE
r-devel-windows-x86_64 1.2.4 9.00 77.00 86.00 OK
r-patched-linux-x86_64 1.2.4 6.32 48.22 54.54 OK
r-release-linux-x86_64 1.2.4 5.86 48.61 54.47 OK
r-release-macos-arm64 1.2.4 37.00 OK
r-release-macos-x86_64 1.2.4 62.00 OK
r-release-windows-x86_64 1.2.4 9.00 81.00 90.00 OK
r-oldrel-macos-arm64 1.2.4 41.00 OK
r-oldrel-macos-x86_64 1.2.4 66.00 OK
r-oldrel-windows-x86_64 1.2.4 9.00 87.00 96.00 OK

Check Details

Version: 1.2.4
Check: dependencies in R code
Result: NOTE Namespaces in Imports field not imported from: ‘knitr’ ‘rmarkdown’ All declared Imports should be used. Flavors: r-devel-linux-x86_64-fedora-clang, r-devel-linux-x86_64-fedora-gcc