CRAN Package Check Results for Package countcolors

Last updated on 2019-10-21 12:46:18 CEST.

Flavor Version Tinstall Tcheck Ttotal Status Flags
r-devel-linux-x86_64-debian-clang 0.9.1 2.23 93.71 95.94 OK
r-devel-linux-x86_64-debian-gcc 0.9.1 2.01 67.92 69.93 OK
r-devel-linux-x86_64-fedora-clang 0.9.1 110.50 NOTE
r-devel-linux-x86_64-fedora-gcc 0.9.1 108.71 NOTE
r-devel-windows-ix86+x86_64 0.9.1 12.00 91.00 103.00 OK
r-patched-linux-x86_64 0.9.1 2.04 90.22 92.26 OK
r-patched-solaris-x86 0.9.1 164.60 NOTE
r-release-linux-x86_64 0.9.1 2.28 91.62 93.90 OK
r-release-windows-ix86+x86_64 0.9.1 10.00 90.00 100.00 OK
r-release-osx-x86_64 0.9.1 NOTE
r-oldrel-windows-ix86+x86_64 0.9.1 5.00 88.00 93.00 OK
r-oldrel-osx-x86_64 0.9.1 NOTE

Check Details

Version: 0.9.1
Check: dependencies in R code
Result: NOTE
    Namespace in Imports field not imported from: ‘jpeg’
     All declared Imports should be used.
Flavors: r-devel-linux-x86_64-fedora-clang, r-devel-linux-x86_64-fedora-gcc, r-patched-solaris-x86, r-release-osx-x86_64, r-oldrel-osx-x86_64