CRAN Package Check Results for Package countcolors

Last updated on 2020-06-02 12:48:40 CEST.

Flavor Version Tinstall Tcheck Ttotal Status Flags
r-devel-linux-x86_64-debian-clang 0.9.1 2.81 97.59 100.40 OK
r-devel-linux-x86_64-debian-gcc 0.9.1 2.28 72.82 75.10 OK
r-devel-linux-x86_64-fedora-clang 0.9.1 126.97 NOTE
r-devel-linux-x86_64-fedora-gcc 0.9.1 116.23 NOTE
r-devel-windows-ix86+x86_64 0.9.1 10.00 135.00 145.00 OK
r-patched-linux-x86_64 0.9.1 2.73 97.94 100.67 OK
r-patched-solaris-x86 0.9.1 171.40 NOTE
r-release-linux-x86_64 0.9.1 2.62 97.99 100.61 OK
r-release-osx-x86_64 0.9.1 NOTE
r-release-windows-ix86+x86_64 0.9.1 9.00 108.00 117.00 OK
r-oldrel-osx-x86_64 0.9.1 NOTE
r-oldrel-windows-ix86+x86_64 0.9.1 7.00 94.00 101.00 OK

Check Details

Version: 0.9.1
Check: dependencies in R code
Result: NOTE
    Namespace in Imports field not imported from: ‘jpeg’
     All declared Imports should be used.
Flavors: r-devel-linux-x86_64-fedora-clang, r-devel-linux-x86_64-fedora-gcc, r-patched-solaris-x86, r-release-osx-x86_64, r-oldrel-osx-x86_64