Last updated on 2025-01-19 05:49:06 CET.
Flavor | Version | Tinstall | Tcheck | Ttotal | Status | Flags |
---|---|---|---|---|---|---|
r-devel-linux-x86_64-debian-clang | 1.2.3 | 19.44 | 84.93 | 104.37 | OK | |
r-devel-linux-x86_64-debian-gcc | 1.2.3 | 11.57 | 57.81 | 69.38 | OK | |
r-devel-linux-x86_64-fedora-clang | 1.2.3 | 166.43 | NOTE | |||
r-devel-linux-x86_64-fedora-gcc | 1.2.3 | 160.46 | NOTE | |||
r-devel-windows-x86_64 | 1.2.3 | 19.00 | 100.00 | 119.00 | OK | |
r-patched-linux-x86_64 | 1.2.3 | 17.44 | 80.30 | 97.74 | OK | |
r-release-linux-x86_64 | 1.2.3 | 15.02 | 79.19 | 94.21 | OK | |
r-release-macos-arm64 | 1.2.3 | 45.00 | OK | |||
r-release-macos-x86_64 | 1.2.3 | 72.00 | OK | |||
r-release-windows-x86_64 | 1.2.3 | 18.00 | 102.00 | 120.00 | OK | |
r-oldrel-macos-arm64 | 1.2.3 | 42.00 | OK | |||
r-oldrel-macos-x86_64 | 1.2.3 | 121.00 | OK | |||
r-oldrel-windows-x86_64 | 1.2.3 | 15.00 | 116.00 | 131.00 | OK |
Version: 1.2.3
Check: dependencies in R code
Result: NOTE
Namespace in Imports field not imported from: ‘gstat’
All declared Imports should be used.
Flavors: r-devel-linux-x86_64-fedora-clang, r-devel-linux-x86_64-fedora-gcc