CRAN Package Check Results for Package coveffectsplot

Last updated on 2020-12-03 12:49:23 CET.

Flavor Version Tinstall Tcheck Ttotal Status Flags
r-devel-linux-x86_64-debian-clang 0.0.9 3.27 100.41 103.68 OK
r-devel-linux-x86_64-debian-gcc 0.0.9 2.82 72.29 75.11 OK
r-devel-linux-x86_64-fedora-clang 0.0.9 124.26 NOTE
r-devel-linux-x86_64-fedora-gcc 0.0.9 113.50 NOTE
r-devel-windows-ix86+x86_64 0.0.9 7.00 121.00 128.00 OK
r-patched-linux-x86_64 0.0.9 3.15 92.00 95.15 OK
r-patched-solaris-x86 0.0.9 141.00 NOTE
r-release-linux-x86_64 0.0.9 3.76 92.06 95.82 OK
r-release-macos-x86_64 0.0.9 NOTE
r-release-windows-ix86+x86_64 0.0.9 7.00 99.00 106.00 OK
r-oldrel-macos-x86_64 0.0.9 NOTE
r-oldrel-windows-ix86+x86_64 0.0.9 12.00 135.00 147.00 OK

Check Details

Version: 0.0.9
Check: dependencies in R code
Result: NOTE
    Namespaces in Imports field not imported from:
     ‘colourpicker’ ‘data.table’ ‘dplyr’ ‘markdown’ ‘shinyjs’ ‘table1’
     ‘tidyr’
     All declared Imports should be used.
Flavors: r-devel-linux-x86_64-fedora-clang, r-devel-linux-x86_64-fedora-gcc, r-patched-solaris-x86, r-release-macos-x86_64, r-oldrel-macos-x86_64