Last updated on 2025-02-08 20:48:20 CET.
Flavor | Version | Tinstall | Tcheck | Ttotal | Status | Flags |
---|---|---|---|---|---|---|
r-devel-linux-x86_64-debian-clang | 0.1.0 | 2.12 | 23.23 | 25.35 | NOTE | |
r-devel-linux-x86_64-debian-gcc | 0.1.0 | 1.69 | 18.92 | 20.61 | NOTE | |
r-devel-linux-x86_64-fedora-clang | 0.1.0 | 41.62 | NOTE | |||
r-devel-linux-x86_64-fedora-gcc | 0.1.0 | 39.55 | NOTE | |||
r-devel-windows-x86_64 | 0.1.0 | 4.00 | 45.00 | 49.00 | OK | |
r-patched-linux-x86_64 | 0.1.0 | 1.85 | 22.43 | 24.28 | NOTE | |
r-release-linux-x86_64 | 0.1.0 | 1.99 | 22.49 | 24.48 | NOTE | |
r-release-macos-arm64 | 0.1.0 | 18.00 | OK | |||
r-release-macos-x86_64 | 0.1.0 | 27.00 | OK | |||
r-release-windows-x86_64 | 0.1.0 | 4.00 | 45.00 | 49.00 | OK | |
r-oldrel-macos-arm64 | 0.1.0 | 18.00 | OK | |||
r-oldrel-macos-x86_64 | 0.1.0 | 24.00 | OK | |||
r-oldrel-windows-x86_64 | 0.1.0 | 4.00 | 48.00 | 52.00 | OK |
Version: 0.1.0
Check: for non-standard things in the check directory
Result: NOTE
Found the following files/directories:
‘covfefe_inauguration.txt’
Flavors: r-devel-linux-x86_64-debian-clang, r-devel-linux-x86_64-debian-gcc, r-devel-linux-x86_64-fedora-clang, r-devel-linux-x86_64-fedora-gcc, r-patched-linux-x86_64, r-release-linux-x86_64