Last updated on 2025-01-19 05:49:06 CET.
Flavor | Version | Tinstall | Tcheck | Ttotal | Status | Flags |
---|---|---|---|---|---|---|
r-devel-linux-x86_64-debian-clang | 2.1.3.3 | 11.34 | 285.27 | 296.61 | OK | |
r-devel-linux-x86_64-debian-gcc | 2.1.3.3 | 8.96 | 181.34 | 190.30 | OK | |
r-devel-linux-x86_64-fedora-clang | 2.1.3.3 | 529.80 | OK | |||
r-devel-linux-x86_64-fedora-gcc | 2.1.3.3 | 498.85 | OK | |||
r-devel-windows-x86_64 | 2.1.3.3 | 19.00 | 269.00 | 288.00 | OK | |
r-patched-linux-x86_64 | 2.1.3.3 | 12.22 | 262.41 | 274.63 | OK | |
r-release-linux-x86_64 | 2.1.3.3 | 12.37 | 259.15 | 271.52 | OK | |
r-release-macos-arm64 | 2.1.3.3 | 139.00 | NOTE | |||
r-release-macos-x86_64 | 2.1.3.3 | 204.00 | NOTE | |||
r-release-windows-x86_64 | 2.1.3.3 | 17.00 | 251.00 | 268.00 | NOTE | |
r-oldrel-macos-arm64 | 2.1.3.3 | 136.00 | NOTE | |||
r-oldrel-macos-x86_64 | 2.1.3.3 | 269.00 | NOTE | |||
r-oldrel-windows-x86_64 | 2.1.3.3 | 19.00 | 311.00 | 330.00 | NOTE |
Version: 2.1.3.3
Check: installed package size
Result: NOTE
installed size is 5.1Mb
sub-directories of 1Mb or more:
doc 1.6Mb
extdata 2.6Mb
Flavors: r-release-macos-arm64, r-release-macos-x86_64, r-release-windows-x86_64, r-oldrel-macos-arm64, r-oldrel-macos-x86_64, r-oldrel-windows-x86_64