Last updated on 2025-01-19 05:49:06 CET.
Flavor | Version | Tinstall | Tcheck | Ttotal | Status | Flags |
---|---|---|---|---|---|---|
r-devel-linux-x86_64-debian-clang | 1.0.0 | 22.68 | 23.69 | 46.37 | OK | |
r-devel-linux-x86_64-debian-gcc | 1.0.0 | 15.00 | 19.29 | 34.29 | OK | |
r-devel-linux-x86_64-fedora-clang | 1.0.0 | 73.93 | NOTE | |||
r-devel-linux-x86_64-fedora-gcc | 1.0.0 | 87.29 | NOTE | |||
r-devel-windows-x86_64 | 1.0.0 | 24.00 | 48.00 | 72.00 | OK | |
r-patched-linux-x86_64 | 1.0.0 | 21.70 | 23.28 | 44.98 | OK | |
r-release-linux-x86_64 | 1.0.0 | 21.14 | 23.13 | 44.27 | OK | |
r-release-macos-arm64 | 1.0.0 | 39.00 | NOTE | |||
r-release-macos-x86_64 | 1.0.0 | 55.00 | NOTE | |||
r-release-windows-x86_64 | 1.0.0 | 23.00 | 48.00 | 71.00 | NOTE | |
r-oldrel-macos-arm64 | 1.0.0 | 42.00 | NOTE | |||
r-oldrel-macos-x86_64 | 1.0.0 | 77.00 | NOTE | |||
r-oldrel-windows-x86_64 | 1.0.0 | 26.00 | 48.00 | 74.00 | NOTE |
Version: 1.0.0
Check: dependencies in R code
Result: NOTE
Namespace in Imports field not imported from: ‘usethis’
All declared Imports should be used.
Flavors: r-devel-linux-x86_64-fedora-clang, r-devel-linux-x86_64-fedora-gcc
Version: 1.0.0
Check: installed package size
Result: NOTE
installed size is 5.9Mb
sub-directories of 1Mb or more:
help 4.7Mb
Flavors: r-release-macos-arm64, r-release-macos-x86_64, r-release-windows-x86_64, r-oldrel-macos-arm64, r-oldrel-macos-x86_64, r-oldrel-windows-x86_64