Last updated on 2024-04-21 12:53:53 CEST.
Flavor | Version | Tinstall | Tcheck | Ttotal | Status | Flags |
---|---|---|---|---|---|---|
r-devel-linux-x86_64-debian-clang | 1.13.4 | 11.57 | 66.93 | 78.50 | OK | |
r-devel-linux-x86_64-debian-gcc | 1.13.4 | 8.73 | 50.15 | 58.88 | OK | |
r-devel-linux-x86_64-fedora-clang | 1.13.4 | 98.25 | NOTE | |||
r-devel-linux-x86_64-fedora-gcc | 1.13.4 | 94.27 | OK | |||
r-prerel-macos-arm64 | 1.13.4 | 31.00 | OK | |||
r-prerel-windows-x86_64 | 1.13.4 | 13.00 | 69.00 | 82.00 | OK | |
r-patched-linux-x86_64 | 1.13.4 | 10.80 | 65.47 | 76.27 | OK | |
r-release-linux-x86_64 | 1.13.4 | 11.85 | 66.80 | 78.65 | OK | |
r-release-macos-arm64 | 1.13.4 | 35.00 | OK | |||
r-release-macos-x86_64 | 1.13.4 | 56.00 | OK | |||
r-release-windows-x86_64 | 1.13.4 | 15.00 | 87.00 | 102.00 | OK | |
r-oldrel-macos-arm64 | 1.13.4 | 41.00 | OK | |||
r-oldrel-windows-x86_64 | 1.13.4 | 15.00 | 90.00 | 105.00 | OK |
Version: 1.13.4
Check: installed package size
Result: NOTE
installed size is 7.6Mb
sub-directories of 1Mb or more:
libs 7.4Mb
Flavor: r-devel-linux-x86_64-fedora-clang