CRAN Package Check Results for Package cpp11eigen

Last updated on 2025-01-19 05:49:06 CET.

Flavor Version Tinstall Tcheck Ttotal Status Flags
r-devel-linux-x86_64-debian-clang 0.2.0 2.73 23.03 25.76 OK
r-devel-linux-x86_64-debian-gcc 0.2.0 1.87 18.21 20.08 OK
r-devel-linux-x86_64-fedora-clang 0.2.0 41.47 OK
r-devel-linux-x86_64-fedora-gcc 0.2.0 54.49 OK
r-devel-windows-x86_64 0.2.0 5.00 48.00 53.00 OK
r-patched-linux-x86_64 0.2.0 2.43 21.73 24.16 OK
r-release-linux-x86_64 0.2.0 2.78 22.12 24.90 OK
r-release-macos-arm64 0.2.0 52.00 NOTE
r-release-macos-x86_64 0.2.0 68.00 NOTE
r-release-windows-x86_64 0.2.0 7.00 48.00 55.00 NOTE
r-oldrel-macos-arm64 0.2.0 30.00 NOTE
r-oldrel-macos-x86_64 0.2.0 63.00 NOTE
r-oldrel-windows-x86_64 0.2.0 7.00 49.00 56.00 NOTE

Check Details

Version: 0.2.0
Check: installed package size
Result: NOTE installed size is 8.2Mb sub-directories of 1Mb or more: include 7.7Mb Flavors: r-release-macos-arm64, r-release-macos-x86_64, r-release-windows-x86_64, r-oldrel-macos-arm64, r-oldrel-macos-x86_64, r-oldrel-windows-x86_64