Last updated on 2025-01-19 05:49:06 CET.
Flavor | Version | Tinstall | Tcheck | Ttotal | Status | Flags |
---|---|---|---|---|---|---|
r-devel-linux-x86_64-debian-clang | 1.0.4 | 496.74 | 127.53 | 624.27 | OK | |
r-devel-linux-x86_64-debian-gcc | 1.0.4 | 405.38 | 81.21 | 486.59 | OK | |
r-devel-linux-x86_64-fedora-clang | 1.0.4 | 1389.19 | NOTE | |||
r-devel-linux-x86_64-fedora-gcc | 1.0.4 | 1364.06 | NOTE | |||
r-devel-windows-x86_64 | 1.0.4 | 457.00 | 214.00 | 671.00 | OK | |
r-patched-linux-x86_64 | 1.0.4 | 557.25 | 120.13 | 677.38 | OK | |
r-release-linux-x86_64 | 1.0.4 | 545.86 | 117.68 | 663.54 | OK | |
r-release-macos-arm64 | 1.0.4 | 246.00 | NOTE | |||
r-release-macos-x86_64 | 1.0.4 | 255.00 | NOTE | |||
r-release-windows-x86_64 | 1.0.4 | 437.00 | 208.00 | 645.00 | NOTE | |
r-oldrel-macos-arm64 | 1.0.4 | 243.00 | NOTE | |||
r-oldrel-macos-x86_64 | 1.0.4 | 206.00 | NOTE | |||
r-oldrel-windows-x86_64 | 1.0.4 | 435.00 | 360.00 | 795.00 | NOTE |
Version: 1.0.4
Check: dependencies in R code
Result: NOTE
Namespace in Imports field not imported from: ‘base’
All declared Imports should be used.
Flavors: r-devel-linux-x86_64-fedora-clang, r-devel-linux-x86_64-fedora-gcc
Version: 1.0.4
Check: installed package size
Result: NOTE
installed size is 65.9Mb
sub-directories of 1Mb or more:
R 1.0Mb
libs 64.5Mb
Flavors: r-release-macos-arm64, r-release-macos-x86_64, r-release-windows-x86_64, r-oldrel-macos-arm64, r-oldrel-macos-x86_64, r-oldrel-windows-x86_64