Last updated on 2025-01-19 05:49:06 CET.
Flavor | Version | Tinstall | Tcheck | Ttotal | Status | Flags |
---|---|---|---|---|---|---|
r-devel-linux-x86_64-debian-clang | 0.4.0 | 49.74 | 344.27 | 394.01 | OK | |
r-devel-linux-x86_64-debian-gcc | 0.4.0 | 33.09 | 243.22 | 276.31 | OK | |
r-devel-linux-x86_64-fedora-clang | 0.4.0 | 679.32 | OK | |||
r-devel-linux-x86_64-fedora-gcc | 0.4.0 | 678.67 | OK | |||
r-devel-windows-x86_64 | 0.4.0 | 54.00 | 346.00 | 400.00 | OK | |
r-patched-linux-x86_64 | 0.4.0 | 45.45 | 332.54 | 377.99 | OK | |
r-release-linux-x86_64 | 0.4.0 | 47.11 | 330.93 | 378.04 | OK | |
r-release-macos-arm64 | 0.4.0 | 242.00 | NOTE | |||
r-release-macos-x86_64 | 0.4.0 | 292.00 | NOTE | |||
r-release-windows-x86_64 | 0.4.0 | 55.00 | 351.00 | 406.00 | OK | |
r-oldrel-macos-arm64 | 0.4.0 | 182.00 | NOTE | |||
r-oldrel-macos-x86_64 | 0.4.0 | 354.00 | NOTE | |||
r-oldrel-windows-x86_64 | 0.4.0 | 54.00 | 417.00 | 471.00 | OK |
Version: 0.4.0
Check: installed package size
Result: NOTE
installed size is 5.3Mb
sub-directories of 1Mb or more:
doc 1.6Mb
libs 2.9Mb
Flavors: r-release-macos-arm64, r-release-macos-x86_64, r-oldrel-macos-arm64, r-oldrel-macos-x86_64