Last updated on 2024-05-01 16:52:50 CEST.
Flavor | Version | Tinstall | Tcheck | Ttotal | Status | Flags |
---|---|---|---|---|---|---|
r-devel-linux-x86_64-debian-clang | 0.0.3 | 90.50 | 75.55 | 166.05 | NOTE | |
r-devel-linux-x86_64-debian-gcc | 0.0.3 | 67.78 | 55.76 | 123.54 | NOTE | |
r-devel-linux-x86_64-fedora-clang | 0.0.3 | 217.09 | NOTE | |||
r-devel-linux-x86_64-fedora-gcc | 0.0.3 | 218.12 | NOTE | |||
r-devel-windows-x86_64 | 0.0.3 | 68.00 | 100.00 | 168.00 | NOTE | |
r-patched-linux-x86_64 | 0.0.3 | 59.47 | 72.47 | 131.94 | NOTE | |
r-release-linux-x86_64 | 0.0.3 | 65.97 | 71.20 | 137.17 | NOTE | |
r-release-macos-arm64 | 0.0.3 | 50.00 | NOTE | |||
r-release-windows-x86_64 | 0.0.3 | 68.00 | 98.00 | 166.00 | NOTE | |
r-oldrel-macos-arm64 | 0.0.3 | 57.00 | NOTE | |||
r-oldrel-macos-x86_64 | 0.0.3 | 84.00 | NOTE | |||
r-oldrel-windows-x86_64 | 0.0.3 | 81.00 | 117.00 | 198.00 | NOTE |
Version: 0.0.3
Check: C++ specification
Result: NOTE
Specified C++11: please drop specification unless essential
Flavors: r-devel-linux-x86_64-debian-clang, r-devel-linux-x86_64-debian-gcc, r-devel-linux-x86_64-fedora-clang, r-devel-linux-x86_64-fedora-gcc, r-devel-windows-x86_64, r-patched-linux-x86_64, r-release-linux-x86_64, r-release-macos-arm64, r-release-windows-x86_64, r-oldrel-macos-arm64, r-oldrel-macos-x86_64, r-oldrel-windows-x86_64