CRAN Package Check Results for Package cropgrowdays

Last updated on 2025-01-19 05:49:06 CET.

Flavor Version Tinstall Tcheck Ttotal Status Flags
r-devel-linux-x86_64-debian-clang 0.2.1 5.50 60.45 65.95 NOTE
r-devel-linux-x86_64-debian-gcc 0.2.1 4.08 45.52 49.60 NOTE
r-devel-linux-x86_64-fedora-clang 0.2.1 110.35 OK
r-devel-linux-x86_64-fedora-gcc 0.2.1 115.10 OK
r-devel-windows-x86_64 0.2.1 7.00 78.00 85.00 NOTE
r-patched-linux-x86_64 0.2.1 10.40 56.59 66.99 OK
r-release-linux-x86_64 0.2.1 5.57 56.47 62.04 OK
r-release-macos-arm64 0.2.1 38.00 OK
r-release-macos-x86_64 0.2.1 59.00 OK
r-release-windows-x86_64 0.2.1 7.00 77.00 84.00 OK
r-oldrel-macos-arm64 0.2.1 50.00 OK
r-oldrel-macos-x86_64 0.2.1 88.00 OK
r-oldrel-windows-x86_64 0.2.1 8.00 84.00 92.00 OK

Check Details

Version: 0.2.1
Check: Rd cross-references
Result: NOTE Found the following Rd file(s) with Rd \link{} targets missing package anchors: get_multi_silodata.Rd: tibble Please provide package anchors for all Rd \link{} targets not in the package itself and the base packages. Flavors: r-devel-linux-x86_64-debian-clang, r-devel-linux-x86_64-debian-gcc, r-devel-windows-x86_64