CRAN Package Check Results for Package crossdes

Last updated on 2020-08-14 12:48:56 CEST.

Flavor Version Tinstall Tcheck Ttotal Status Flags
r-devel-linux-x86_64-debian-clang 1.1-1 3.24 26.86 30.10 NOTE
r-devel-linux-x86_64-debian-gcc 1.1-1 2.41 20.99 23.40 NOTE
r-devel-linux-x86_64-fedora-clang 1.1-1 46.23 NOTE
r-devel-linux-x86_64-fedora-gcc 1.1-1 34.38 NOTE
r-devel-windows-ix86+x86_64 1.1-1 11.00 53.00 64.00 NOTE
r-patched-linux-x86_64 1.1-1 3.42 26.73 30.15 NOTE
r-patched-solaris-x86 1.1-1 57.30 NOTE
r-release-linux-x86_64 1.1-1 3.25 26.99 30.24 NOTE
r-release-macos-x86_64 1.1-1 NOTE
r-release-windows-ix86+x86_64 1.1-1 7.00 41.00 48.00 NOTE
r-oldrel-macos-x86_64 1.1-1 NOTE
r-oldrel-windows-ix86+x86_64 1.1-1 5.00 43.00 48.00 NOTE

Check Details

Version: 1.1-1
Check: R code for possible problems
Result: NOTE
    get.plan: no visible global function definition for 'menu'
    Undefined global functions or variables:
     menu
    Consider adding
     importFrom("utils", "menu")
    to your NAMESPACE file.
Flavors: r-devel-linux-x86_64-debian-clang, r-devel-linux-x86_64-debian-gcc, r-devel-linux-x86_64-fedora-clang, r-devel-linux-x86_64-fedora-gcc, r-devel-windows-ix86+x86_64, r-patched-linux-x86_64, r-patched-solaris-x86, r-release-linux-x86_64, r-release-macos-x86_64, r-release-windows-ix86+x86_64, r-oldrel-macos-x86_64, r-oldrel-windows-ix86+x86_64