CRAN Package Check Results for Package crossdes

Last updated on 2020-01-24 12:48:55 CET.

Flavor Version Tinstall Tcheck Ttotal Status Flags
r-devel-linux-x86_64-debian-clang 1.1-1 3.36 26.13 29.49 NOTE
r-devel-linux-x86_64-debian-gcc 1.1-1 2.56 20.88 23.44 NOTE
r-devel-linux-x86_64-fedora-clang 1.1-1 35.58 NOTE
r-devel-linux-x86_64-fedora-gcc 1.1-1 35.00 NOTE
r-devel-windows-ix86+x86_64 1.1-1 10.00 39.00 49.00 NOTE
r-devel-windows-ix86+x86_64-gcc8 1.1-1 7.00 60.00 67.00 NOTE
r-patched-linux-x86_64 1.1-1 2.64 24.37 27.01 NOTE
r-patched-solaris-x86 1.1-1 48.20 NOTE
r-release-linux-x86_64 1.1-1 2.69 24.21 26.90 NOTE
r-release-windows-ix86+x86_64 1.1-1 7.00 41.00 48.00 NOTE
r-release-osx-x86_64 1.1-1 NOTE
r-oldrel-windows-ix86+x86_64 1.1-1 4.00 64.00 68.00 NOTE
r-oldrel-osx-x86_64 1.1-1 NOTE

Check Details

Version: 1.1-1
Check: R code for possible problems
Result: NOTE
    get.plan: no visible global function definition for 'menu'
    Undefined global functions or variables:
     menu
    Consider adding
     importFrom("utils", "menu")
    to your NAMESPACE file.
Flavors: r-devel-linux-x86_64-debian-clang, r-devel-linux-x86_64-debian-gcc, r-devel-linux-x86_64-fedora-clang, r-devel-linux-x86_64-fedora-gcc, r-devel-windows-ix86+x86_64, r-devel-windows-ix86+x86_64-gcc8, r-patched-linux-x86_64, r-patched-solaris-x86, r-release-linux-x86_64, r-release-windows-ix86+x86_64, r-release-osx-x86_64, r-oldrel-windows-ix86+x86_64, r-oldrel-osx-x86_64