CRAN Package Check Results for Package crosstalk

Last updated on 2025-01-19 05:49:06 CET.

Flavor Version Tinstall Tcheck Ttotal Status Flags
r-devel-linux-x86_64-debian-clang 1.2.1 4.28 28.16 32.44 NOTE
r-devel-linux-x86_64-debian-gcc 1.2.1 2.76 21.88 24.64 NOTE
r-devel-linux-x86_64-fedora-clang 1.2.1 52.18 OK
r-devel-linux-x86_64-fedora-gcc 1.2.1 49.57 OK
r-devel-windows-x86_64 1.2.1 7.00 52.00 59.00 NOTE
r-patched-linux-x86_64 1.2.1 5.22 26.84 32.06 OK
r-release-linux-x86_64 1.2.1 3.26 26.80 30.06 OK
r-release-macos-arm64 1.2.1 21.00 OK
r-release-macos-x86_64 1.2.1 45.00 OK
r-release-windows-x86_64 1.2.1 8.00 50.00 58.00 OK
r-oldrel-macos-arm64 1.2.1 26.00 OK
r-oldrel-macos-x86_64 1.2.1 73.00 OK
r-oldrel-windows-x86_64 1.2.1 8.00 53.00 61.00 OK

Check Details

Version: 1.2.1
Check: Rd cross-references
Result: NOTE Found the following Rd file(s) with Rd \link{} targets missing package anchors: filter_slider.Rd: tag, HTML Please provide package anchors for all Rd \link{} targets not in the package itself and the base packages. Flavors: r-devel-linux-x86_64-debian-clang, r-devel-linux-x86_64-debian-gcc, r-devel-windows-x86_64