Last updated on 2025-01-19 05:49:06 CET.
Flavor | Version | Tinstall | Tcheck | Ttotal | Status | Flags |
---|---|---|---|---|---|---|
r-devel-linux-x86_64-debian-clang | 0.4 | 39.00 | 269.95 | 308.95 | OK | |
r-devel-linux-x86_64-debian-gcc | 0.4 | 27.44 | 173.98 | 201.42 | OK | |
r-devel-linux-x86_64-fedora-clang | 0.4 | 496.00 | OK | |||
r-devel-linux-x86_64-fedora-gcc | 0.4 | 461.48 | OK | |||
r-devel-windows-x86_64 | 0.4 | 37.00 | 208.00 | 245.00 | OK | |
r-patched-linux-x86_64 | 0.4 | 38.49 | 250.05 | 288.54 | OK | |
r-release-linux-x86_64 | 0.4 | 38.31 | 247.55 | 285.86 | OK | |
r-release-macos-arm64 | 0.4 | 110.00 | NOTE | |||
r-release-macos-x86_64 | 0.4 | 167.00 | NOTE | |||
r-release-windows-x86_64 | 0.4 | 38.00 | 210.00 | 248.00 | NOTE | |
r-oldrel-macos-arm64 | 0.4 | 125.00 | NOTE | |||
r-oldrel-macos-x86_64 | 0.4 | 198.00 | NOTE | |||
r-oldrel-windows-x86_64 | 0.4 | 47.00 | 282.00 | 329.00 | NOTE |
Version: 0.4
Check: installed package size
Result: NOTE
installed size is 6.8Mb
sub-directories of 1Mb or more:
data 6.7Mb
Flavors: r-release-macos-arm64, r-release-macos-x86_64, r-release-windows-x86_64, r-oldrel-macos-arm64, r-oldrel-macos-x86_64, r-oldrel-windows-x86_64