Last updated on 2025-01-19 05:49:06 CET.
Flavor | Version | Tinstall | Tcheck | Ttotal | Status | Flags |
---|---|---|---|---|---|---|
r-devel-linux-x86_64-debian-clang | 1.1 | 27.99 | 227.98 | 255.97 | NOTE | |
r-devel-linux-x86_64-debian-gcc | 1.1 | 19.85 | 149.56 | 169.41 | NOTE | |
r-devel-linux-x86_64-fedora-clang | 1.1 | 413.96 | NOTE | |||
r-devel-linux-x86_64-fedora-gcc | 1.1 | 385.56 | NOTE | |||
r-devel-windows-x86_64 | 1.1 | 24.00 | 182.00 | 206.00 | NOTE | |
r-patched-linux-x86_64 | 1.1 | 25.66 | 214.75 | 240.41 | NOTE | |
r-release-linux-x86_64 | 1.1 | 25.71 | 210.44 | 236.15 | NOTE | |
r-release-macos-arm64 | 1.1 | 85.00 | NOTE | |||
r-release-macos-x86_64 | 1.1 | 138.00 | NOTE | |||
r-release-windows-x86_64 | 1.1 | 22.00 | 175.00 | 197.00 | NOTE | |
r-oldrel-macos-arm64 | 1.1 | 89.00 | OK | |||
r-oldrel-macos-x86_64 | 1.1 | 165.00 | OK | |||
r-oldrel-windows-x86_64 | 1.1 | 27.00 | 233.00 | 260.00 | OK |
Version: 1.1
Check: Rd files
Result: NOTE
checkRd: (-1) cruts-package.Rd:21: Lost braces
21 | section{Dependencies}{
| ^
checkRd: (-1) cruts-package.Rd:21-24: Lost braces
21 | section{Dependencies}{
| ^
checkRd: (-1) cruts-package.Rd:26: Lost braces
26 | section{Citation}{
| ^
checkRd: (-1) cruts-package.Rd:26-28: Lost braces
26 | section{Citation}{
| ^
checkRd: (-1) cruts-package.Rd:30-32: Lost braces
30 | references{
| ^
Flavors: r-devel-linux-x86_64-debian-clang, r-devel-linux-x86_64-debian-gcc, r-devel-linux-x86_64-fedora-clang, r-devel-linux-x86_64-fedora-gcc, r-devel-windows-x86_64, r-patched-linux-x86_64, r-release-linux-x86_64, r-release-macos-arm64, r-release-macos-x86_64, r-release-windows-x86_64