Last updated on 2025-01-19 05:49:06 CET.
Flavor | Version | Tinstall | Tcheck | Ttotal | Status | Flags |
---|---|---|---|---|---|---|
r-devel-linux-x86_64-debian-clang | 1.3.2 | 9.47 | 96.17 | 105.64 | ERROR | |
r-devel-linux-x86_64-debian-gcc | 1.3.2 | 6.16 | 72.09 | 78.25 | OK | |
r-devel-linux-x86_64-fedora-clang | 1.3.2 | 178.93 | OK | |||
r-devel-linux-x86_64-fedora-gcc | 1.3.2 | 176.98 | OK | |||
r-devel-windows-x86_64 | 1.3.2 | 14.00 | 127.00 | 141.00 | OK | |
r-patched-linux-x86_64 | 1.3.2 | 10.84 | 94.33 | 105.17 | OK | |
r-release-linux-x86_64 | 1.3.2 | 9.10 | 93.34 | 102.44 | OK | |
r-release-macos-arm64 | 1.3.2 | 70.00 | NOTE | |||
r-release-macos-x86_64 | 1.3.2 | 103.00 | NOTE | |||
r-release-windows-x86_64 | 1.3.2 | 14.00 | 121.00 | 135.00 | NOTE | |
r-oldrel-macos-arm64 | 1.3.2 | 65.00 | NOTE | |||
r-oldrel-macos-x86_64 | 1.3.2 | 95.00 | NOTE | |||
r-oldrel-windows-x86_64 | 1.3.2 | 14.00 | 150.00 | 164.00 | NOTE |
Version: 1.3.2
Check: re-building of vignette outputs
Result: ERROR
Error(s) in re-building vignettes:
...
--- re-building ‘cryptoQuotes.Rmd’ using rmarkdown
Quitting from lines 32-41 [unnamed-chunk-2] (cryptoQuotes.Rmd)
Error: processing vignette 'cryptoQuotes.Rmd' failed with diagnostics:
Timeout was reached [api.kraken.com]: Resolving timed out after 10000 milliseconds
--- failed re-building ‘cryptoQuotes.Rmd’
--- re-building ‘custom_indicators.Rmd’ using rmarkdown
--- finished re-building ‘custom_indicators.Rmd’
--- re-building ‘usecase.Rmd’ using rmarkdown
--- finished re-building ‘usecase.Rmd’
SUMMARY: processing the following file failed:
‘cryptoQuotes.Rmd’
Error: Vignette re-building failed.
Execution halted
Flavor: r-devel-linux-x86_64-debian-clang
Version: 1.3.2
Check: installed package size
Result: NOTE
installed size is 13.1Mb
sub-directories of 1Mb or more:
doc 11.7Mb
help 1.2Mb
Flavors: r-release-macos-arm64, r-release-macos-x86_64, r-release-windows-x86_64, r-oldrel-macos-arm64, r-oldrel-macos-x86_64, r-oldrel-windows-x86_64