CRAN Package Check Results for Package ctsfeatures

Last updated on 2025-01-19 05:49:06 CET.

Flavor Version Tinstall Tcheck Ttotal Status Flags
r-devel-linux-x86_64-debian-clang 1.2.2 5.27 45.45 50.72 OK
r-devel-linux-x86_64-debian-gcc 1.2.2 3.59 31.06 34.65 OK
r-devel-linux-x86_64-fedora-clang 1.2.2 90.98 NOTE
r-devel-linux-x86_64-fedora-gcc 1.2.2 84.21 NOTE
r-devel-windows-x86_64 1.2.2 7.00 69.00 76.00 OK
r-patched-linux-x86_64 1.2.2 5.78 41.96 47.74 OK
r-release-linux-x86_64 1.2.2 3.88 42.08 45.96 OK
r-release-macos-arm64 1.2.2 28.00 OK
r-release-macos-x86_64 1.2.2 37.00 OK
r-release-windows-x86_64 1.2.2 8.00 66.00 74.00 OK
r-oldrel-macos-arm64 1.2.2 30.00 OK
r-oldrel-macos-x86_64 1.2.2 48.00 OK
r-oldrel-windows-x86_64 1.2.2 7.00 74.00 81.00 OK

Check Details

Version: 1.2.2
Check: dependencies in R code
Result: NOTE Namespace in Imports field not imported from: ‘Rdpack’ All declared Imports should be used. Flavors: r-devel-linux-x86_64-fedora-clang, r-devel-linux-x86_64-fedora-gcc