Last updated on 2025-01-19 05:49:06 CET.
Flavor | Version | Tinstall | Tcheck | Ttotal | Status | Flags |
---|---|---|---|---|---|---|
r-devel-linux-x86_64-debian-clang | 0.1-4 | 12.01 | 65.89 | 77.90 | OK | |
r-devel-linux-x86_64-debian-gcc | 0.1-4 | 7.43 | 46.69 | 54.12 | OK | |
r-devel-linux-x86_64-fedora-clang | 0.1-4 | 128.07 | OK | |||
r-devel-linux-x86_64-fedora-gcc | 0.1-4 | 138.19 | OK | |||
r-devel-windows-x86_64 | 0.1-4 | 27.00 | 108.00 | 135.00 | OK | |
r-patched-linux-x86_64 | 0.1-4 | 12.81 | 61.81 | 74.62 | OK | |
r-release-linux-x86_64 | 0.1-4 | 10.46 | 61.95 | 72.41 | OK | |
r-release-macos-arm64 | 0.1-4 | 45.00 | NOTE | |||
r-release-macos-x86_64 | 0.1-4 | 67.00 | NOTE | |||
r-release-windows-x86_64 | 0.1-4 | 23.00 | 0.00 | 23.00 | FAIL | |
r-oldrel-macos-arm64 | 0.1-4 | 50.00 | NOTE | |||
r-oldrel-macos-x86_64 | 0.1-4 | 74.00 | NOTE | |||
r-oldrel-windows-x86_64 | 0.1-4 | 28.00 | 112.00 | 140.00 | OK |
Version: 0.1-4
Check: package dependencies
Result: NOTE
Package which this enhances but not available for checking: ‘pbdMPI’
Flavors: r-release-macos-arm64, r-release-macos-x86_64, r-oldrel-macos-arm64, r-oldrel-macos-x86_64
Version: 0.1-4
Check: PDF version of manual
Result: FAIL
Check process probably crashed or hung up for 20 minutes ... killed
Most likely this happened in the example checks (?),
if not, ignore the following last lines of example output:
> ### Name: Posterior Results of Yassour2009
> ### Title: Posterior Results of Yassour 2009 Yeast Experiment Dataset
> ### Aliases: yassour.PM.fits yassour.PM.appr yassour.info
> ### Keywords: datasets
>
> ### ** Examples
>
> ## Not run:
> ##D str(yassour.PM.fits)
> ##D str(yassour.PM.appr)
> ##D str(yassour.PM.info)
> ## End(Not run)
>
>
>
> ### * <FOOTER>
> ###
> cleanEx()
> options(digits = 7L)
> base::cat("Time elapsed: ", proc.time() - base::get("ptime", pos = 'CheckExEnv'),"\n")
Time elapsed: 1.27 0.09 1.36 NA NA
> grDevices::dev.off()
null device
1
> ###
> ### Local variables: ***
> ### mode: outline-minor ***
> ### outline-regexp: "\\(> \\)?### [*]+" ***
> ### End: ***
> quit('no')
======== End of example output (where/before crash/hang up occured ?) ========
Flavor: r-release-windows-x86_64