CRAN Package Check Results for Package cubfits

Last updated on 2020-10-28 11:49:43 CET.

Flavor Version Tinstall Tcheck Ttotal Status Flags
r-devel-linux-x86_64-debian-clang 0.1-3 11.83 75.48 87.31 OK
r-devel-linux-x86_64-debian-gcc 0.1-3 8.54 56.71 65.25 OK
r-devel-linux-x86_64-fedora-clang 0.1-3 112.28 OK
r-devel-linux-x86_64-fedora-gcc 0.1-3 108.19 OK
r-devel-windows-ix86+x86_64 0.1-3 24.00 103.00 127.00 OK
r-patched-linux-x86_64 0.1-3 OK
r-patched-solaris-x86 0.1-3 124.80 OK
r-release-linux-x86_64 0.1-3 12.34 69.52 81.86 OK
r-release-macos-x86_64 0.1-3 NOTE
r-release-windows-ix86+x86_64 0.1-3 19.00 78.00 97.00 OK
r-oldrel-macos-x86_64 0.1-3 NOTE
r-oldrel-windows-ix86+x86_64 0.1-3 37.00 110.00 147.00 OK

Check Details

Version: 0.1-3
Check: package dependencies
Result: NOTE
    Package which this enhances but not available for checking: ‘pbdMPI’
Flavors: r-release-macos-x86_64, r-oldrel-macos-x86_64