CRAN Package Check Results for Package curl

Last updated on 2020-06-03 12:49:04 CEST.

Flavor Version Tinstall Tcheck Ttotal Status Flags
r-devel-linux-x86_64-debian-clang 4.3 6.76 36.32 43.08 NOTE
r-devel-linux-x86_64-debian-gcc 4.3 5.21 28.70 33.91 NOTE
r-devel-linux-x86_64-fedora-clang 4.3 60.45 NOTE
r-devel-linux-x86_64-fedora-gcc 4.3 53.82 NOTE
r-devel-windows-ix86+x86_64 4.3 105.00 272.00 377.00 NOTE
r-patched-linux-x86_64 4.3 5.64 37.35 42.99 NOTE
r-patched-solaris-x86 4.3 72.20 WARN
r-release-linux-x86_64 4.3 5.72 36.36 42.08 NOTE
r-release-osx-x86_64 4.3 WARN
r-release-windows-ix86+x86_64 4.3 84.00 249.00 333.00 NOTE
r-oldrel-osx-x86_64 4.3 NOTE
r-oldrel-windows-ix86+x86_64 4.3 176.00 247.00 423.00 NOTE

Check Details

Version: 4.3
Check: compiled code
Result: NOTE
    File 'curl/libs/curl.so':
     Found non-API call to R: 'R_new_custom_connection'
    
    Compiled code should not call non-API entry points in R.
    
    See 'Writing portable packages' in the 'Writing R Extensions' manual.
Flavors: r-devel-linux-x86_64-debian-clang, r-devel-linux-x86_64-debian-gcc, r-devel-linux-x86_64-fedora-clang, r-devel-linux-x86_64-fedora-gcc, r-patched-linux-x86_64, r-patched-solaris-x86, r-release-linux-x86_64, r-release-osx-x86_64, r-oldrel-osx-x86_64

Version: 4.3
Check: installed package size
Result: NOTE
     installed size is 9.0Mb
     sub-directories of 1Mb or more:
     doc 1.7Mb
     libs 7.1Mb
Flavors: r-devel-windows-ix86+x86_64, r-release-windows-ix86+x86_64, r-oldrel-windows-ix86+x86_64

Version: 4.3
Check: compiled code
Result: NOTE
    File 'curl/libs/i386/curl.dll':
     Found non-API call to R: 'R_new_custom_connection'
    File 'curl/libs/x64/curl.dll':
     Found non-API call to R: 'R_new_custom_connection'
    
    Compiled code should not call non-API entry points in R.
    
    See 'Writing portable packages' in the 'Writing R Extensions' manual.
Flavors: r-devel-windows-ix86+x86_64, r-release-windows-ix86+x86_64, r-oldrel-windows-ix86+x86_64

Version: 4.3
Check: re-building of vignette outputs
Result: WARN
    Error(s) in re-building vignettes:
     ...
    --- re-building ‘intro.Rmd’ using rmarkdown
    Warning in engine$weave(file, quiet = quiet, encoding = enc) :
     Pandoc (>= 1.12.3) and/or pandoc-citeproc not available. Falling back to R Markdown v1.
    Quitting from lines 48-52 (intro.Rmd)
    Error: processing vignette 'intro.Rmd' failed with diagnostics:
    Failed to connect to eu.httpbin.org port 443: Connection timed out
    --- failed re-building ‘intro.Rmd’
    
    --- re-building ‘windows.Rmd’ using rmarkdown
    Warning in engine$weave(file, quiet = quiet, encoding = enc) :
     Pandoc (>= 1.12.3) and/or pandoc-citeproc not available. Falling back to R Markdown v1.
    --- finished re-building ‘windows.Rmd’
    
    SUMMARY: processing the following file failed:
     ‘intro.Rmd’
    
    Error: Vignette re-building failed.
    Execution halted
Flavor: r-patched-solaris-x86

Version: 4.3
Check: re-building of vignette outputs
Result: WARN
    Error(s) in re-building vignettes:
     ...
    --- re-building ‘intro.Rmd’ using rmarkdown
    Error: processing vignette 'intro.Rmd' failed with diagnostics:
    there is no package called ‘Rcpp’
    --- failed re-building ‘intro.Rmd’
    
    --- re-building ‘windows.Rmd’ using rmarkdown
    Error: processing vignette 'windows.Rmd' failed with diagnostics:
    there is no package called ‘Rcpp’
    --- failed re-building ‘windows.Rmd’
    
    SUMMARY: processing the following files failed:
     ‘intro.Rmd’ ‘windows.Rmd’
    
    Error: Vignette re-building failed.
    Execution halted
Flavor: r-release-osx-x86_64