CRAN Package Check Results for Package curl

Last updated on 2019-10-19 12:47:31 CEST.

Flavor Version Tinstall Tcheck Ttotal Status Flags
r-devel-linux-x86_64-debian-clang 4.2 6.77 32.82 39.59 NOTE
r-devel-linux-x86_64-debian-gcc 4.2 4.72 26.37 31.09 NOTE
r-devel-linux-x86_64-fedora-clang 4.2 50.13 NOTE
r-devel-linux-x86_64-fedora-gcc 4.2 48.52 NOTE
r-devel-windows-ix86+x86_64 4.2 81.00 242.00 323.00 NOTE
r-patched-linux-x86_64 4.2 5.44 32.57 38.01 NOTE
r-patched-solaris-x86 4.2 65.80 NOTE
r-release-linux-x86_64 4.2 5.24 33.16 38.40 NOTE
r-release-windows-ix86+x86_64 4.2 82.00 266.00 348.00 NOTE
r-release-osx-x86_64 4.2 NOTE
r-oldrel-windows-ix86+x86_64 4.2 77.00 245.00 322.00 NOTE
r-oldrel-osx-x86_64 4.2 NOTE

Check Details

Version: 4.2
Check: compiled code
Result: NOTE
    File 'curl/libs/curl.so':
     Found non-API call to R: 'R_new_custom_connection'
    
    Compiled code should not call non-API entry points in R.
    
    See 'Writing portable packages' in the 'Writing R Extensions' manual.
Flavors: r-devel-linux-x86_64-debian-clang, r-devel-linux-x86_64-debian-gcc, r-devel-linux-x86_64-fedora-clang, r-devel-linux-x86_64-fedora-gcc, r-patched-linux-x86_64, r-patched-solaris-x86, r-release-linux-x86_64, r-release-osx-x86_64, r-oldrel-osx-x86_64

Version: 4.2
Check: installed package size
Result: NOTE
     installed size is 9.0Mb
     sub-directories of 1Mb or more:
     doc 1.7Mb
     libs 7.1Mb
Flavors: r-devel-windows-ix86+x86_64, r-release-windows-ix86+x86_64, r-oldrel-windows-ix86+x86_64

Version: 4.2
Check: compiled code
Result: NOTE
    File 'curl/libs/i386/curl.dll':
     Found non-API call to R: 'R_new_custom_connection'
    File 'curl/libs/x64/curl.dll':
     Found non-API call to R: 'R_new_custom_connection'
    
    Compiled code should not call non-API entry points in R.
    
    See 'Writing portable packages' in the 'Writing R Extensions' manual.
Flavors: r-devel-windows-ix86+x86_64, r-release-windows-ix86+x86_64, r-oldrel-windows-ix86+x86_64