CRAN Package Check Results for Package curveDepth

Last updated on 2025-01-19 05:49:06 CET.

Flavor Version Tinstall Tcheck Ttotal Status Flags
r-devel-linux-x86_64-debian-clang 0.1.0.9 37.69 27.60 65.29 NOTE
r-devel-linux-x86_64-debian-gcc 0.1.0.9 27.68 22.26 49.94 NOTE
r-devel-linux-x86_64-fedora-clang 0.1.0.9 125.12 NOTE
r-devel-linux-x86_64-fedora-gcc 0.1.0.9 125.66 NOTE
r-devel-windows-x86_64 0.1.0.9 40.00 70.00 110.00 NOTE
r-patched-linux-x86_64 0.1.0.9 39.35 26.69 66.04 NOTE
r-release-linux-x86_64 0.1.0.9 37.09 26.69 63.78 NOTE
r-release-macos-arm64 0.1.0.9 32.00 NOTE
r-release-macos-x86_64 0.1.0.9 38.00 NOTE
r-release-windows-x86_64 0.1.0.9 41.00 68.00 109.00 NOTE
r-oldrel-macos-arm64 0.1.0.9 37.00 NOTE
r-oldrel-macos-x86_64 0.1.0.9 59.00 NOTE
r-oldrel-windows-x86_64 0.1.0.9 46.00 77.00 123.00 NOTE

Check Details

Version: 0.1.0.9
Check: C++ specification
Result: NOTE Specified C++11: please drop specification unless essential Flavors: r-devel-linux-x86_64-debian-clang, r-devel-linux-x86_64-debian-gcc, r-devel-linux-x86_64-fedora-clang, r-devel-linux-x86_64-fedora-gcc, r-devel-windows-x86_64, r-patched-linux-x86_64, r-release-linux-x86_64, r-release-macos-arm64, r-release-macos-x86_64, r-release-windows-x86_64, r-oldrel-macos-arm64, r-oldrel-macos-x86_64, r-oldrel-windows-x86_64