Last updated on 2024-03-28 14:48:26 CET.
Flavor | Version | Tinstall | Tcheck | Ttotal | Status | Flags |
---|---|---|---|---|---|---|
r-devel-linux-x86_64-debian-clang | 2.0.2 | 37.32 | 501.50 | 538.82 | NOTE | |
r-devel-linux-x86_64-debian-gcc | 2.0.2 | 29.78 | 361.85 | 391.63 | NOTE | |
r-devel-linux-x86_64-fedora-clang | 2.0.2 | 650.77 | NOTE | |||
r-devel-linux-x86_64-fedora-gcc | 2.0.2 | 660.46 | NOTE | |||
r-devel-windows-x86_64 | 2.0.2 | 32.00 | 400.00 | 432.00 | NOTE | |
r-patched-linux-x86_64 | 2.0.2 | 39.91 | 495.09 | 535.00 | NOTE | |
r-release-linux-x86_64 | 2.0.2 | 36.20 | 496.05 | 532.25 | OK | |
r-release-macos-arm64 | 2.0.2 | 189.00 | OK | |||
r-release-macos-x86_64 | 2.0.2 | 345.00 | OK | |||
r-release-windows-x86_64 | 2.0.2 | 41.00 | 502.00 | 543.00 | OK | |
r-oldrel-macos-arm64 | 2.0.2 | 164.00 | OK | |||
r-oldrel-windows-x86_64 | 2.0.2 | 42.00 | 504.00 | 546.00 | OK |
Version: 2.0.2
Check: Rd files
Result: NOTE
checkRd: (-1) CytofTree.Rd:47-48: Lost braces in \itemize; \value handles \item{}{} directly
checkRd: (-1) CytofTree.Rd:49: Lost braces in \itemize; \value handles \item{}{} directly
checkRd: (-1) CytofTree.Rd:50: Lost braces in \itemize; \value handles \item{}{} directly
checkRd: (-1) CytofTree.Rd:51-52: Lost braces in \itemize; \value handles \item{}{} directly
checkRd: (-1) CytofTree.Rd:53: Lost braces in \itemize; \value handles \item{}{} directly
checkRd: (-1) CytofTree.Rd:54: Lost braces in \itemize; \value handles \item{}{} directly
checkRd: (-1) CytomeTree.Rd:33-34: Lost braces in \itemize; \value handles \item{}{} directly
checkRd: (-1) CytomeTree.Rd:35: Lost braces in \itemize; \value handles \item{}{} directly
checkRd: (-1) CytomeTree.Rd:36: Lost braces in \itemize; \value handles \item{}{} directly
checkRd: (-1) CytomeTree.Rd:37-38: Lost braces in \itemize; \value handles \item{}{} directly
checkRd: (-1) RetrievePops.Rd:20-21: Lost braces in \itemize; \value handles \item{}{} directly
checkRd: (-1) RetrievePops.Rd:22-23: Lost braces in \itemize; \value handles \item{}{} directly
Flavors: r-devel-linux-x86_64-debian-clang, r-devel-linux-x86_64-debian-gcc, r-devel-linux-x86_64-fedora-clang, r-devel-linux-x86_64-fedora-gcc, r-devel-windows-x86_64, r-patched-linux-x86_64