CRAN Package Check Results for Package cytominer

Last updated on 2025-01-19 05:49:06 CET.

Flavor Version Tinstall Tcheck Ttotal Status Flags
r-devel-linux-x86_64-debian-clang 0.2.2 6.90 113.73 120.63 OK
r-devel-linux-x86_64-debian-gcc 0.2.2 3.96 80.60 84.56 OK
r-devel-linux-x86_64-fedora-clang 0.2.2 196.81 OK
r-devel-linux-x86_64-fedora-gcc 0.2.2 198.10 OK
r-devel-windows-x86_64 0.2.2 9.00 116.00 125.00 OK
r-patched-linux-x86_64 0.2.2 7.53 106.78 114.31 NOTE
r-release-linux-x86_64 0.2.2 6.58 106.75 113.33 NOTE
r-release-macos-arm64 0.2.2 55.00 NOTE
r-release-macos-x86_64 0.2.2 89.00 NOTE
r-release-windows-x86_64 0.2.2 8.00 115.00 123.00 NOTE
r-oldrel-macos-arm64 0.2.2 65.00 NOTE
r-oldrel-macos-x86_64 0.2.2 108.00 NOTE
r-oldrel-windows-x86_64 0.2.2 11.00 141.00 152.00 NOTE

Check Details

Version: 0.2.2
Check: LazyData
Result: NOTE 'LazyData' is specified without a 'data' directory Flavors: r-patched-linux-x86_64, r-release-linux-x86_64, r-release-macos-arm64, r-release-macos-x86_64, r-release-windows-x86_64, r-oldrel-macos-arm64, r-oldrel-macos-x86_64, r-oldrel-windows-x86_64