Last updated on 2024-03-28 14:48:26 CET.
Flavor | Version | Tinstall | Tcheck | Ttotal | Status | Flags |
---|---|---|---|---|---|---|
r-devel-linux-x86_64-debian-clang | 0.2.2 | 9.25 | 151.07 | 160.32 | NOTE | |
r-devel-linux-x86_64-debian-gcc | 0.2.2 | 5.70 | 108.28 | 113.98 | NOTE | |
r-devel-linux-x86_64-fedora-clang | 0.2.2 | 207.41 | NOTE | |||
r-devel-linux-x86_64-fedora-gcc | 0.2.2 | 202.95 | NOTE | |||
r-devel-windows-x86_64 | 0.2.2 | 9.00 | 115.00 | 124.00 | NOTE | |
r-patched-linux-x86_64 | 0.2.2 | 5.87 | 141.00 | 146.87 | NOTE | |
r-release-linux-x86_64 | 0.2.2 | 5.68 | 141.53 | 147.21 | NOTE | |
r-release-macos-arm64 | 0.2.2 | 65.00 | NOTE | |||
r-release-macos-x86_64 | 0.2.2 | 108.00 | NOTE | |||
r-release-windows-x86_64 | 0.2.2 | 11.00 | 143.00 | 154.00 | NOTE | |
r-oldrel-macos-arm64 | 0.2.2 | 48.00 | NOTE | |||
r-oldrel-windows-x86_64 | 0.2.2 | 12.00 | 146.00 | 158.00 | NOTE |
Version: 0.2.2
Check: LazyData
Result: NOTE
'LazyData' is specified without a 'data' directory
Flavors: r-devel-linux-x86_64-debian-clang, r-devel-linux-x86_64-debian-gcc, r-devel-linux-x86_64-fedora-clang, r-devel-linux-x86_64-fedora-gcc, r-devel-windows-x86_64, r-patched-linux-x86_64, r-release-linux-x86_64, r-release-macos-arm64, r-release-macos-x86_64, r-release-windows-x86_64, r-oldrel-macos-arm64, r-oldrel-windows-x86_64