Last updated on 2024-03-28 14:48:26 CET.
Flavor | Version | Tinstall | Tcheck | Ttotal | Status | Flags |
---|---|---|---|---|---|---|
r-devel-linux-x86_64-debian-clang | 0.1.0 | 3.15 | 27.22 | 30.37 | NOTE | |
r-devel-linux-x86_64-debian-gcc | 0.1.0 | 2.23 | 22.00 | 24.23 | NOTE | |
r-devel-linux-x86_64-fedora-clang | 0.1.0 | 39.04 | NOTE | |||
r-devel-linux-x86_64-fedora-gcc | 0.1.0 | 39.42 | NOTE | |||
r-devel-windows-x86_64 | 0.1.0 | 5.00 | 45.00 | 50.00 | NOTE | |
r-patched-linux-x86_64 | 0.1.0 | 3.02 | 27.52 | 30.54 | NOTE | |
r-release-linux-x86_64 | 0.1.0 | 3.43 | 27.06 | 30.49 | NOTE | |
r-release-macos-arm64 | 0.1.0 | 18.00 | NOTE | |||
r-release-macos-x86_64 | 0.1.0 | 23.00 | NOTE | |||
r-release-windows-x86_64 | 0.1.0 | 5.00 | 45.00 | 50.00 | NOTE | |
r-oldrel-macos-arm64 | 0.1.0 | 15.00 | NOTE | |||
r-oldrel-windows-x86_64 | 0.1.0 | 6.00 | 48.00 | 54.00 | NOTE |
Version: 0.1.0
Check: LazyData
Result: NOTE
'LazyData' is specified without a 'data' directory
Flavors: r-devel-linux-x86_64-debian-clang, r-devel-linux-x86_64-debian-gcc, r-devel-linux-x86_64-fedora-clang, r-devel-linux-x86_64-fedora-gcc, r-devel-windows-x86_64, r-patched-linux-x86_64, r-release-linux-x86_64, r-release-macos-arm64, r-release-macos-x86_64, r-release-windows-x86_64, r-oldrel-macos-arm64, r-oldrel-windows-x86_64