Last updated on 2024-04-21 12:53:54 CEST.
Flavor | Version | Tinstall | Tcheck | Ttotal | Status | Flags |
---|---|---|---|---|---|---|
r-devel-linux-x86_64-debian-clang | 1.2 | 0.45 | 2.06 | 2.51 | ERROR | |
r-devel-linux-x86_64-debian-gcc | 1.2 | 1.52 | 1.52 | ERROR | ||
r-devel-linux-x86_64-fedora-clang | 1.2 | 504.65 | NOTE | |||
r-devel-linux-x86_64-fedora-gcc | 1.2 | 503.50 | NOTE | |||
r-prerel-macos-arm64 | 1.2 | 113.00 | NOTE | |||
r-prerel-macos-x86_64 | 1.2 | 305.00 | NOTE | |||
r-prerel-windows-x86_64 | 1.2 | 33.00 | 242.00 | 275.00 | NOTE | |
r-patched-linux-x86_64 | 1.2 | 25.20 | 344.16 | 369.36 | NOTE | |
r-release-linux-x86_64 | 1.2 | 29.13 | 350.05 | 379.18 | NOTE | |
r-release-macos-arm64 | 1.2 | 116.00 | NOTE | |||
r-release-macos-x86_64 | 1.2 | 316.00 | NOTE | |||
r-release-windows-x86_64 | 1.2 | 30.00 | 304.00 | 334.00 | NOTE | |
r-oldrel-macos-arm64 | 1.2 | 78.00 | NOTE | |||
r-oldrel-windows-x86_64 | 1.2 | 35.00 | 239.00 | 274.00 | NOTE |
Version: 1.2
Check: package dependencies
Result: ERROR
Packages required but not available: 'MLInterfaces', 'genefilter'
See section ‘The DESCRIPTION file’ in the ‘Writing R Extensions’
manual.
Flavors: r-devel-linux-x86_64-debian-clang, r-devel-linux-x86_64-debian-gcc
Version: 1.2
Check: LazyData
Result: NOTE
'LazyData' is specified without a 'data' directory
Flavors: r-devel-linux-x86_64-fedora-clang, r-devel-linux-x86_64-fedora-gcc, r-prerel-macos-arm64, r-prerel-macos-x86_64, r-prerel-windows-x86_64, r-patched-linux-x86_64, r-release-linux-x86_64, r-release-macos-arm64, r-release-macos-x86_64, r-release-windows-x86_64, r-oldrel-macos-arm64, r-oldrel-windows-x86_64