Last updated on 2024-05-01 16:52:51 CEST.
Flavor | Version | Tinstall | Tcheck | Ttotal | Status | Flags |
---|---|---|---|---|---|---|
r-devel-linux-x86_64-debian-clang | 1.0.0 | 8.56 | 73.59 | 82.15 | OK | |
r-devel-linux-x86_64-debian-gcc | 1.0.0 | 6.05 | 56.27 | 62.32 | OK | |
r-devel-linux-x86_64-fedora-clang | 1.0.0 | 102.91 | NOTE | |||
r-devel-linux-x86_64-fedora-gcc | 1.0.0 | 118.85 | NOTE | |||
r-devel-windows-x86_64 | 1.0.0 | 8.00 | 78.00 | 86.00 | OK | |
r-patched-linux-x86_64 | 1.0.0 | 5.03 | 72.04 | 77.07 | OK | |
r-release-linux-x86_64 | 1.0.0 | 8.57 | 70.69 | 79.26 | OK | |
r-release-macos-arm64 | 1.0.0 | 43.00 | OK | |||
r-release-windows-x86_64 | 1.0.0 | 8.00 | 77.00 | 85.00 | OK | |
r-oldrel-macos-arm64 | 1.0.0 | 42.00 | OK | |||
r-oldrel-macos-x86_64 | 1.0.0 | 63.00 | OK | |||
r-oldrel-windows-x86_64 | 1.0.0 | 13.00 | 87.00 | 100.00 | OK |
Version: 1.0.0
Check: data for non-ASCII characters
Result: NOTE
Note: found 2020 marked UTF-8 strings
Flavors: r-devel-linux-x86_64-fedora-clang, r-devel-linux-x86_64-fedora-gcc