Last updated on 2025-01-19 05:49:06 CET.
Flavor | Version | Tinstall | Tcheck | Ttotal | Status | Flags |
---|---|---|---|---|---|---|
r-devel-linux-x86_64-debian-clang | 0.98 | 44.45 | 314.00 | 358.45 | OK | |
r-devel-linux-x86_64-debian-gcc | 0.98 | 28.70 | 200.16 | 228.86 | OK | |
r-devel-linux-x86_64-fedora-clang | 0.98 | 622.16 | OK | |||
r-devel-linux-x86_64-fedora-gcc | 0.98 | 578.19 | OK | |||
r-devel-windows-x86_64 | 0.98 | 40.00 | 340.00 | 380.00 | OK | |
r-patched-linux-x86_64 | 0.98 | 45.40 | 296.56 | 341.96 | OK | |
r-release-linux-x86_64 | 0.98 | 42.01 | 295.03 | 337.04 | OK | |
r-release-macos-arm64 | 0.98 | 112.00 | OK | |||
r-release-macos-x86_64 | 0.98 | 275.00 | OK | |||
r-release-windows-x86_64 | 0.98 | 42.00 | 339.00 | 381.00 | OK | |
r-oldrel-macos-arm64 | 0.98 | 145.00 | NOTE | |||
r-oldrel-macos-x86_64 | 0.98 | 280.00 | OK | |||
r-oldrel-windows-x86_64 | 0.98 | 56.00 | 440.00 | 496.00 | OK |
Version: 0.98
Check: package dependencies
Result: NOTE
Package suggested but not available for checking: ‘snpStats’
Flavor: r-oldrel-macos-arm64
Version: 0.98
Check: Rd cross-references
Result: NOTE
Package unavailable to check Rd xrefs: ‘snpStats’
Flavor: r-oldrel-macos-arm64