Last updated on 2025-01-19 05:49:06 CET.
Flavor | Version | Tinstall | Tcheck | Ttotal | Status | Flags |
---|---|---|---|---|---|---|
r-devel-linux-x86_64-debian-clang | 1.0.8 | 43.66 | 102.05 | 145.71 | OK | |
r-devel-linux-x86_64-debian-gcc | 1.0.8 | 40.48 | 75.98 | 116.46 | OK | |
r-devel-linux-x86_64-fedora-clang | 1.0.8 | 238.54 | OK | |||
r-devel-linux-x86_64-fedora-gcc | 1.0.8 | 226.71 | OK | |||
r-devel-windows-x86_64 | 1.0.8 | 47.00 | 106.00 | 153.00 | OK | |
r-patched-linux-x86_64 | 1.0.8 | 43.31 | 95.33 | 138.64 | OK | |
r-release-linux-x86_64 | 1.0.8 | 45.22 | 95.60 | 140.82 | OK | |
r-release-macos-arm64 | 1.0.8 | 85.00 | NOTE | |||
r-release-macos-x86_64 | 1.0.8 | 173.00 | NOTE | |||
r-release-windows-x86_64 | 1.0.8 | 51.00 | 105.00 | 156.00 | NOTE | |
r-oldrel-macos-arm64 | 1.0.8 | 82.00 | NOTE | |||
r-oldrel-macos-x86_64 | 1.0.8 | 189.00 | NOTE | |||
r-oldrel-windows-x86_64 | 1.0.8 | 57.00 | 131.00 | 188.00 | NOTE |
Version: 1.0.8
Check: installed package size
Result: NOTE
installed size is 5.9Mb
sub-directories of 1Mb or more:
data 4.5Mb
Flavors: r-release-macos-arm64, r-release-macos-x86_64, r-release-windows-x86_64, r-oldrel-macos-arm64, r-oldrel-macos-x86_64, r-oldrel-windows-x86_64